{"id":24046,"date":"2025-09-22T18:41:00","date_gmt":"2025-09-22T18:41:00","guid":{"rendered":"https:\/\/theamericanfrenchfilmfestival.org\/?page_id=24046"},"modified":"2025-10-02T06:16:19","modified_gmt":"2025-10-02T06:16:19","slug":"drifting-laurent","status":"publish","type":"page","link":"https:\/\/theamericanfrenchfilmfestival.org\/drifting-laurent\/","title":{"rendered":"DRIFTING LAURENT\u00a0"},"content":{"rendered":"<div class=\"wpb-content-wrapper\">[vc_row][vc_column][mk_padding_divider][vc_column_text css=&#8221;.vc_custom_1757547231314{margin-bottom: 0px !important;}&#8221;]\n<h1 style=\"text-align: center;\">DRIFTING LAURENT<\/h1>\n<h2 style=\"text-align: center;\">(Laurent dans le vent)<\/h2>\n<h2 style=\"text-align: center;\"><\/h2>\n<h2 style=\"text-align: center;\"><\/h2>\n<p>&nbsp;<\/p>\n<h2 style=\"text-align: center;\"><\/h2>\n[\/vc_column_text][vc_separator color=&#8221;custom&#8221; css=&#8221;&#8221; accent_color=&#8221;#660084&#8243;][\/vc_column][\/vc_row][vc_row][vc_column width=&#8221;1\/3&#8243;][mk_content_box heading=&#8221;CINEMA COMPETITION &#8211; NEW HORIZONS &amp; NEXT WAVE SPOTLIGHT&#8221;][vc_column_text css=&#8221;.vc_custom_1758566230420{margin-bottom: 0px !important;}&#8221;]\n<p style=\"text-align: center;\">TRUFFAUT THEATER<\/p>\n<h3 style=\"text-align: center;\">Drama, Comedy<\/h3>\n[\/vc_column_text][\/mk_content_box][\/vc_column][vc_column width=&#8221;1\/3&#8243;][mk_custom_box corner_radius=&#8221;15&#8243; bg_color=&#8221;#dbcce2&#8243;][vc_column_text css=&#8221;.vc_custom_1758566369747{margin-bottom: 0px !important;}&#8221;]\n<p style=\"text-align: center;\"><strong>FRIDAY OCTOBER 31<\/strong><br \/>\n1:00 pm (Screening ends at 2:50 pm)<\/p>\n[\/vc_column_text][\/mk_custom_box][mk_padding_divider size=&#8221;10&#8243;][mk_image src=&#8221;https:\/\/theamericanfrenchfilmfestival.org\/wp-content\/uploads\/2022\/09\/order-tickets.jpg&#8221; image_size=&#8221;full&#8221; link=&#8221;https:\/\/theamericanfrenchfilmfestival.eventive.org\/schedule\/68d7a1801fbb82f08d7250de&#8221; target=&#8221;_blank&#8221; align=&#8221;center&#8221;][\/vc_column][vc_column width=&#8221;1\/3&#8243;][mk_content_box heading=&#8221;PRESENTED IN ASSOCIATION WITH:&#8221;][vc_column_text css=&#8221;.vc_custom_1758863810674{margin-bottom: 0px !important;}&#8221;]\n<p style=\"text-align: center;\">Wolfe Video<br \/>\nBest Friends Forever<\/p>\n[\/vc_column_text][\/mk_content_box][\/vc_column][\/vc_row][vc_row][vc_column][mk_padding_divider size=&#8221;20&#8243;][vc_separator color=&#8221;custom&#8221; border_width=&#8221;2&#8243; css=&#8221;&#8221; accent_color=&#8221;#ea1300&#8243;][\/vc_column][\/vc_row][vc_row][vc_column width=&#8221;1\/2&#8243;][vc_column_text css=&#8221;.vc_custom_1758755458961{margin-bottom: 0px !important;}&#8221;]<strong><span style=\"color: #ea1300;\">North American Premiere <\/span><\/strong>|\u00a0France |\u00a02025\u00a0| Drama, Comedy |\u00a0110\u00a0min\u00a0|\u00a0In French with English subtitles<br \/>\n<strong>Directed by: <\/strong>Anton Balekdjian,\u00a0L\u00e9o Couture,\u00a0Matt\u00e9o Eustachon<br \/>\n<strong>Written by: <\/strong>Anton Balekdjian,\u00a0L\u00e9o Couture,\u00a0Matt\u00e9o Eustachon<br \/>\n<strong>Produced by: <\/strong>Antoine Salom\u00e9 &amp; Jos\u00e9phine Mourlaque (Mabel Films), Auvergne-Rh\u00f4ne-Alpes Cin\u00e9ma,\u00a0Arte France Cin\u00e9ma<br \/>\n<strong>Cinematography:\u00a0<\/strong>Matt\u00e9o Eustachon<br \/>\n<strong>Original Score: <\/strong>L\u00e9o Couture<br \/>\n<strong>Film Editing:<\/strong> Fran\u00e7ois Quiquer\u00e9<br \/>\n<strong>Cast: <\/strong>Baptiste Perusat (Laurent),\u00a0B\u00e9atrice Dalle (Sophia),\u00a0Djanis Bouzyani, Thomas Daloz, Monique Crespin, Suzanne de Baecque, Ira Verbitskaya<br \/>\n<strong>International Sales: <\/strong>Best Friends Forever<br \/>\n<strong>US Distributor:<\/strong> Wolfe Video<br \/>\n<strong>US Release Date:<\/strong> TBA<\/p>\n<p style=\"text-align: right;\"><strong><span style=\"color: #660084;\">Synopsis<\/span><\/strong><\/p>\n<p style=\"text-align: justify;\">We first meet Laurent, our affable itinerant protagonist, literally floating on air, his feet dangling over an Alpine landscape. Still a bit lost at 29, he takes refuge at a deserted ski resort off-season, ambling through his vagabond existence with all the creature comforts and embracing other lonely souls along the way. Then the ski season arrives, his cushy set-up evaporates, and he must confront what it means to be homeless and living on the dole. Yet his heart is compassionate and generous, and his spirit open, allowing those beguiling wanderings to guide and enlighten that carefree, seemingly-circuitous path.<\/p>\n<p style=\"text-align: right;\"><strong><span style=\"color: #660084;\">Directors&#8217; biographies<\/span><\/strong><\/p>\n<p style=\"text-align: justify;\"><strong>Anton Balekdjian<\/strong>, <strong>L\u00e9o Couture<\/strong>, and <strong>Matt\u00e9o Eustachon<\/strong> met as film students at the Cin\u00e9fabrique film school in Lyon. Graduating in 2020, with screenwriting, sound, and cinematography majors, respectively, they have been collaborating ever since. They pooled their talents on the 2021 short <em>The Ugly Ducklings<\/em>, which Balekdjian cowrote and directed, Couture sound designed, and Eustachon shot. Then they cowrote and co-directed <em>Mourir \u00e0 Ibiza (Un film en trois \u00e9t\u00e9s)<\/em> (2022) a collection of three short films shot over the course of three consecutive summers, which won the Prix Premier special mention at the Marseille Film Festival. <strong><em>Drifting Laurent<\/em><\/strong> premiered in the ACID section of this year&#8217;s Cannes Film Festival.<\/p>\n[\/vc_column_text][\/vc_column][vc_column width=&#8221;1\/2&#8243;][mk_image src=&#8221;https:\/\/theamericanfrenchfilmfestival.org\/wp-content\/uploads\/2025\/09\/screenshot-2025-09-28-at-10.00.31.png&#8221; image_size=&#8221;full&#8221; link=&#8221;https:\/\/theamericanfrenchfilmfestival.org\/win-a-trip-to-paris\/&#8221; target=&#8221;_blank&#8221; align=&#8221;center&#8221;][mk_image src=&#8221;https:\/\/theamericanfrenchfilmfestival.org\/wp-content\/uploads\/2025\/09\/driftinglaurent.jpg&#8221; image_size=&#8221;full&#8221; frame_style=&#8221;gray_border&#8221; align=&#8221;center&#8221;][\/vc_column][\/vc_row][vc_row][vc_column][vc_column_text]\n[\/vc_column_text][\/vc_column][\/vc_row]\n<\/div>","protected":false},"excerpt":{"rendered":"<p>[vc_row][vc_column][mk_padding_divider][vc_column_text css=&#8221;.vc_custom_1757547231314{margin-bottom: 0px !important;}&#8221;] DRIFTING LAURENT (Laurent dans le vent) &nbsp; [\/vc_column_text][vc_separator color=&#8221;custom&#8221; css=&#8221;&#8221; accent_color=&#8221;#660084&#8243;][\/vc_column][\/vc_row][vc_row][vc_column width=&#8221;1\/3&#8243;][mk_content_box heading=&#8221;CINEMA COMPETITION &#8211; NEW HORIZONS &amp; NEXT WAVE SPOTLIGHT&#8221;][vc_column_text css=&#8221;.vc_custom_1758566230420{margin-bottom: 0px !important;}&#8221;] TRUFFAUT THEATER Drama, Comedy [\/vc_column_text][\/mk_content_box][\/vc_column][vc_column width=&#8221;1\/3&#8243;][mk_custom_box corner_radius=&#8221;15&#8243; bg_color=&#8221;#dbcce2&#8243;][vc_column_text css=&#8221;.vc_custom_1758566369747{margin-bottom: 0px !important;}&#8221;] FRIDAY OCTOBER 31 1:00 pm (Screening ends at 2:50 pm) [\/vc_column_text][\/mk_custom_box][mk_padding_divider size=&#8221;10&#8243;][mk_image src=&#8221;https:\/\/theamericanfrenchfilmfestival.org\/wp-content\/uploads\/2022\/09\/order-tickets.jpg&#8221; image_size=&#8221;full&#8221; link=&#8221;https:\/\/theamericanfrenchfilmfestival.eventive.org\/schedule\/68d7a1801fbb82f08d7250de&#8221; target=&#8221;_blank&#8221; [&hellip;]<\/p>\n","protected":false},"author":4,"featured_media":0,"parent":0,"menu_order":0,"comment_status":"closed","ping_status":"closed","template":"","meta":{"footnotes":""},"class_list":["post-24046","page","type-page","status-publish","hentry"],"_links":{"self":[{"href":"https:\/\/theamericanfrenchfilmfestival.org\/wp-json\/wp\/v2\/pages\/24046","targetHints":{"allow":["GET"]}}],"collection":[{"href":"https:\/\/theamericanfrenchfilmfestival.org\/wp-json\/wp\/v2\/pages"}],"about":[{"href":"https:\/\/theamericanfrenchfilmfestival.org\/wp-json\/wp\/v2\/types\/page"}],"author":[{"embeddable":true,"href":"https:\/\/theamericanfrenchfilmfestival.org\/wp-json\/wp\/v2\/users\/4"}],"replies":[{"embeddable":true,"href":"https:\/\/theamericanfrenchfilmfestival.org\/wp-json\/wp\/v2\/comments?post=24046"}],"version-history":[{"count":12,"href":"https:\/\/theamericanfrenchfilmfestival.org\/wp-json\/wp\/v2\/pages\/24046\/revisions"}],"predecessor-version":[{"id":24849,"href":"https:\/\/theamericanfrenchfilmfestival.org\/wp-json\/wp\/v2\/pages\/24046\/revisions\/24849"}],"wp:attachment":[{"href":"https:\/\/theamericanfrenchfilmfestival.org\/wp-json\/wp\/v2\/media?parent=24046"}],"curies":[{"name":"wp","href":"https:\/\/api.w.org\/{rel}","templated":true}]}}