{"id":23866,"date":"2025-09-22T22:43:41","date_gmt":"2025-09-22T22:43:41","guid":{"rendered":"https:\/\/theamericanfrenchfilmfestival.org\/?page_id=23866"},"modified":"2025-10-28T17:42:09","modified_gmt":"2025-10-28T17:42:09","slug":"the-hunt","status":"publish","type":"page","link":"https:\/\/theamericanfrenchfilmfestival.org\/the-hunt\/","title":{"rendered":"THE HUNT"},"content":{"rendered":"<div class=\"wpb-content-wrapper\">[vc_row][vc_column][mk_padding_divider][vc_column_text css=&#8221;.vc_custom_1757182508806{margin-bottom: 0px !important;}&#8221;]\n<h1 style=\"text-align: center;\">THE HUNT<\/h1>\n<h3 style=\"text-align: center;\">(Traqu\u00e9s)<\/h3>\n[\/vc_column_text][vc_separator color=&#8221;custom&#8221; css=&#8221;&#8221; accent_color=&#8221;#660084&#8243;][\/vc_column][\/vc_row][vc_row][vc_column width=&#8221;1\/3&#8243;][mk_content_box heading=&#8221;TELEVISION COMPETITION&#8221;][vc_column_text css=&#8221;.vc_custom_1758850786733{margin-bottom: 0px !important;}&#8221;]\n<p style=\"text-align: center;\">TRUFFAUT THEATER<\/p>\n<h3 style=\"text-align: center;\">THRILLER<\/h3>\n[\/vc_column_text][\/mk_content_box][\/vc_column][vc_column width=&#8221;1\/3&#8243;][mk_custom_box corner_radius=&#8221;15&#8243; bg_color=&#8221;#dbcce2&#8243;][vc_column_text css=&#8221;.vc_custom_1761673314429{margin-bottom: 0px !important;}&#8221;]\n<p style=\"text-align: center;\"><strong>SUNDAY NOVEMBER 2<\/strong><br \/>\n5:45 pm (Screening ends at 7:30 pm)<br \/>\n<strong>Followed by a conversation<br \/>\nwith writer-director C\u00e9dric Anger<br \/>\nand composer<br \/>\nEric Neveux<\/strong><\/p>\n[\/vc_column_text][\/mk_custom_box][mk_padding_divider size=&#8221;10&#8243;][mk_image src=&#8221;https:\/\/theamericanfrenchfilmfestival.org\/wp-content\/uploads\/2022\/09\/order-tickets.jpg&#8221; image_size=&#8221;full&#8221; link=&#8221;https:\/\/theamericanfrenchfilmfestival.eventive.org\/schedule\/68d7a84f93ddba7d79be8c2c&#8221; target=&#8221;_blank&#8221; align=&#8221;center&#8221;][\/vc_column][vc_column width=&#8221;1\/3&#8243;][mk_content_box heading=&#8221;PRESENTED IN ASSOCIATION WITH:&#8221;][vc_column_text css=&#8221;.vc_custom_1758904236496{margin-bottom: 0px !important;}&#8221;]\n<p style=\"text-align: center;\">Apple TV+<\/p>\n[\/vc_column_text][\/mk_content_box][\/vc_column][\/vc_row][vc_row][vc_column][mk_padding_divider size=&#8221;20&#8243;][vc_separator color=&#8221;custom&#8221; border_width=&#8221;2&#8243; css=&#8221;&#8221; accent_color=&#8221;#ea1300&#8243;][\/vc_column][\/vc_row][vc_row][vc_column width=&#8221;1\/2&#8243;][vc_column_text css=&#8221;.vc_custom_1760979942369{margin-bottom: 0px !important;}&#8221;]<strong><span style=\"color: #ea1300;\">Preview Screening\u00a0<\/span><\/strong>|\u00a0TV Series | France |\u00a02025\u00a0|\u00a0Thriller |\u00a06 x 52\u2019\u00a0| Episodes 1 &amp; 2\u00a0|\u00a0In French with English subtitles<\/p>\n<p><b>Directed by:\u00a0<\/b>C\u00e9dric Anger<br \/>\n<b>Written by:\u00a0<\/b>C\u00e9dric Anger<br \/>\n<b>Produced by:\u00a0<\/b> Isabelle Degeorges, Cl\u00e9mentine Vaudaux, Alexis Barqueiro and\u00a0Sidonie Dumas (Gaumont)<br \/>\n<b>Cinematography:\u00a0<\/b>R\u00e9my Chevrin<br \/>\n<b>Original Score:\u00a0<\/b>Eric Neveux<br \/>\n<b>Film Editing:<\/b> Bertrand Nail, Sarah Ternat<br \/>\n<b>Cast:\u00a0<\/b>Beno\u00eet Magimel (Franck), M\u00e9lanie Laurent (Krystel), Damien Bonnard (Xavier), C\u00e9dric Appietto (Simon), Manuel Guillot (Gilles), Fr\u00e9d\u00e9ric Maranber (L\u00e9o), Angelyna Mignot (Aya)<br \/>\n<b>International Distributor:\u00a0<\/b>TBA<br \/>\n<b>Original Broadcast:<\/b> Apple TV<\/p>\n<p style=\"text-align: right;\"><strong><span style=\"color: #660084;\">Synopsis<\/span><\/strong><\/p>\n<p style=\"text-align: justify;\">Franck (Beno\u00eet Magimel) and his longtime friends enjoy spending their weekends hunting together, but one Sunday, they come across another group of hunters who start targeting them without explanation. When one of their party is shot, Franck\u2019s friends strike back, sending an attacker to the ground. Barely managing to escape, the four friends keep the event a secret. Franck tries to go back to his life as usual alongside his wife Krystel (M\u00e9lanie Laurent), but in the next few days, he starts to feel like he and his friends are being watched, or worse, tracked by hunters who are now hell-bent on revenge.<\/p>\n<p style=\"text-align: right;\"><strong><span style=\"color: #660084;\">Director&#8217;s biography<\/span><\/strong><\/p>\n<p style=\"text-align: justify;\">A former journalist at\u00a0<i>Cahiers du Cin\u00e9ma<\/i>,\u00a0<b>C\u00e9dric Anger<\/b>\u00a0turned to screenwriting at the turn of the 21st century, co-writing Xavier Beauvois&#8217;\u00a0<i>To Matthieu<\/i>\u00a0(2000). In 2002, he wrote and directed his first short,\u00a0<i>Novela<\/i>, then went on to cowrite Werner Schroeter&#8217;s\u00a0<i>Deux<\/i>\u00a0(2002) and Xavier Beauvois&#8217;\u00a0<i>The Young Lieutenant<\/i>\u00a0(2005). He returned to the director&#8217;s chair with\u00a0<i>The Killer<\/i>\u00a0(COLCOA 2008);\u00a0<i>The Counsel<\/i>\u00a0(2010);\u00a0<i>Next Time I&#8217;ll Aim for the Heart<\/i>\u00a0(COLCOA 2015), which was nominated for a C\u00e9sar Award for Best Adapted Screenplay; and\u00a0<i>Paris Pigalle<\/i>\u00a0(2018). His other screenwriting credits include Andr\u00e9 T\u00e9chine&#8217;s\u00a0<i>In the Name of My Daughter<\/i>\u00a0(COLCOA 2015),\u00a0<i>Golden Years<\/i>\u00a0(2017), and\u00a0<i>Soul Mates<\/i>\u00a0(2023); Thierry Klifa&#8217;s\u00a0<i>All That Divides Us<\/i>\u00a0(2017) Douglas Attal&#8217;s\u00a0<i>How I Became a Superhero<\/i>\u00a0(2020); M\u00e9lanie Laurent&#8217;s\u00a0<i>Wingwomen<\/i>\u00a0(2023); the miniseries\u00a0<i>In the Shadows<\/i>(TAFFF 2024) and\u00a0<i>The Richest Woman in the World<\/i>\u00a0(TAFFF 2025)<\/p>\n[\/vc_column_text][\/vc_column][vc_column width=&#8221;1\/2&#8243;][mk_image src=&#8221;https:\/\/theamericanfrenchfilmfestival.org\/wp-content\/uploads\/2025\/09\/screenshot-2025-09-28-at-10.07.49.png&#8221; image_size=&#8221;full&#8221; link=&#8221;https:\/\/theamericanfrenchfilmfestival.org\/win-a-cruise-for-two-in-europe\/&#8221; target=&#8221;_blank&#8221; align=&#8221;center&#8221;][mk_image src=&#8221;https:\/\/theamericanfrenchfilmfestival.org\/wp-content\/uploads\/2025\/10\/the-hunt.jpg&#8221; image_size=&#8221;full&#8221; frame_style=&#8221;gray_border&#8221; align=&#8221;center&#8221;][\/vc_column][\/vc_row][vc_row][vc_column][vc_column_text]\n[\/vc_column_text][\/vc_column][\/vc_row]\n<\/div>","protected":false},"excerpt":{"rendered":"<p>[vc_row][vc_column][mk_padding_divider][vc_column_text css=&#8221;.vc_custom_1757182508806{margin-bottom: 0px !important;}&#8221;] THE HUNT (Traqu\u00e9s) [\/vc_column_text][vc_separator color=&#8221;custom&#8221; css=&#8221;&#8221; accent_color=&#8221;#660084&#8243;][\/vc_column][\/vc_row][vc_row][vc_column width=&#8221;1\/3&#8243;][mk_content_box heading=&#8221;TELEVISION COMPETITION&#8221;][vc_column_text css=&#8221;.vc_custom_1758850786733{margin-bottom: 0px !important;}&#8221;] TRUFFAUT THEATER THRILLER [\/vc_column_text][\/mk_content_box][\/vc_column][vc_column width=&#8221;1\/3&#8243;][mk_custom_box corner_radius=&#8221;15&#8243; bg_color=&#8221;#dbcce2&#8243;][vc_column_text css=&#8221;.vc_custom_1761673314429{margin-bottom: 0px !important;}&#8221;] SUNDAY NOVEMBER 2 5:45 pm (Screening ends at 7:30 pm) Followed by a conversation with writer-director C\u00e9dric Anger and composer Eric Neveux [\/vc_column_text][\/mk_custom_box][mk_padding_divider size=&#8221;10&#8243;][mk_image src=&#8221;https:\/\/theamericanfrenchfilmfestival.org\/wp-content\/uploads\/2022\/09\/order-tickets.jpg&#8221; image_size=&#8221;full&#8221; link=&#8221;https:\/\/theamericanfrenchfilmfestival.eventive.org\/schedule\/68d7a84f93ddba7d79be8c2c&#8221; target=&#8221;_blank&#8221; [&hellip;]<\/p>\n","protected":false},"author":4,"featured_media":0,"parent":0,"menu_order":0,"comment_status":"closed","ping_status":"closed","template":"","meta":{"footnotes":""},"class_list":["post-23866","page","type-page","status-publish","hentry"],"_links":{"self":[{"href":"https:\/\/theamericanfrenchfilmfestival.org\/wp-json\/wp\/v2\/pages\/23866","targetHints":{"allow":["GET"]}}],"collection":[{"href":"https:\/\/theamericanfrenchfilmfestival.org\/wp-json\/wp\/v2\/pages"}],"about":[{"href":"https:\/\/theamericanfrenchfilmfestival.org\/wp-json\/wp\/v2\/types\/page"}],"author":[{"embeddable":true,"href":"https:\/\/theamericanfrenchfilmfestival.org\/wp-json\/wp\/v2\/users\/4"}],"replies":[{"embeddable":true,"href":"https:\/\/theamericanfrenchfilmfestival.org\/wp-json\/wp\/v2\/comments?post=23866"}],"version-history":[{"count":23,"href":"https:\/\/theamericanfrenchfilmfestival.org\/wp-json\/wp\/v2\/pages\/23866\/revisions"}],"predecessor-version":[{"id":25145,"href":"https:\/\/theamericanfrenchfilmfestival.org\/wp-json\/wp\/v2\/pages\/23866\/revisions\/25145"}],"wp:attachment":[{"href":"https:\/\/theamericanfrenchfilmfestival.org\/wp-json\/wp\/v2\/media?parent=23866"}],"curies":[{"name":"wp","href":"https:\/\/api.w.org\/{rel}","templated":true}]}}