{"id":23643,"date":"2025-08-27T15:17:49","date_gmt":"2025-08-27T15:17:49","guid":{"rendered":"https:\/\/theamericanfrenchfilmfestival.org\/?page_id=23643"},"modified":"2025-10-02T06:32:27","modified_gmt":"2025-10-02T06:32:27","slug":"ari","status":"publish","type":"page","link":"https:\/\/theamericanfrenchfilmfestival.org\/ari\/","title":{"rendered":"ARI"},"content":{"rendered":"<div class=\"wpb-content-wrapper\">[vc_row][vc_column][mk_padding_divider][vc_column_text css=&#8221;.vc_custom_1756307866567{margin-bottom: 0px !important;}&#8221;]\n<h1 style=\"text-align: center;\">ARI<\/h1>\n<h2 style=\"text-align: center;\"><\/h2>\n<h2 style=\"text-align: center;\"><\/h2>\n<p>&nbsp;<\/p>\n<h2 style=\"text-align: center;\"><\/h2>\n[\/vc_column_text][vc_separator color=&#8221;custom&#8221; css=&#8221;&#8221; accent_color=&#8221;#660084&#8243;][\/vc_column][\/vc_row][vc_row][vc_column width=&#8221;1\/3&#8243;][mk_content_box heading=&#8221;CINEMA COMPETITION &#8211; NEW HORIZONS&#8221;][vc_column_text css=&#8221;.vc_custom_1757191963959{margin-bottom: 0px !important;}&#8221;]\n<p style=\"text-align: center;\">RENOIR THEATER<\/p>\n<h3 style=\"text-align: center;\">Drama<\/h3>\n[\/vc_column_text][\/mk_content_box][\/vc_column][vc_column width=&#8221;1\/3&#8243;][mk_custom_box corner_radius=&#8221;15&#8243; bg_color=&#8221;#dbcce2&#8243;][vc_column_text css=&#8221;.vc_custom_1758581520954{margin-bottom: 0px !important;}&#8221;]\n<p style=\"text-align: center;\"><strong>SUNDAY NOVEMBER 2<\/strong><br \/>\n10:25 pm<\/p>\n[\/vc_column_text][\/mk_custom_box][mk_padding_divider size=&#8221;10&#8243;][mk_image src=&#8221;https:\/\/theamericanfrenchfilmfestival.org\/wp-content\/uploads\/2022\/09\/order-tickets.jpg&#8221; image_size=&#8221;full&#8221; link=&#8221;https:\/\/theamericanfrenchfilmfestival.eventive.org\/schedule\/68d7a8de597aa4d2c4e3d900&#8243; target=&#8221;_blank&#8221; align=&#8221;center&#8221;][\/vc_column][vc_column width=&#8221;1\/3&#8243;][mk_content_box heading=&#8221;PRESENTED IN ASSOCIATION WITH:&#8221;][vc_column_text css=&#8221;.vc_custom_1758863187633{margin-bottom: 0px !important;}&#8221;]\n<p style=\"text-align: center;\">Be For Films<\/p>\n[\/vc_column_text][\/mk_content_box][\/vc_column][\/vc_row][vc_row][vc_column][mk_padding_divider size=&#8221;20&#8243;][vc_separator color=&#8221;custom&#8221; border_width=&#8221;2&#8243; css=&#8221;&#8221; accent_color=&#8221;#ea1300&#8243;][\/vc_column][\/vc_row][vc_row][vc_column width=&#8221;1\/2&#8243;][vc_column_text css=&#8221;.vc_custom_1758063920138{margin-bottom: 0px !important;}&#8221;]<strong><span style=\"color: #ea1300;\">North American Premiere <\/span><\/strong><span style=\"font-weight: 400;\">|\u00a0France, Belgique |\u00a02026\u00a0|\u00a0Drama |\u00a088\u00a0min\u00a0|\u00a0In French with English subtitles | <\/span><\/p>\n<p><b>Directed by: <\/b><span style=\"font-weight: 400;\">L\u00e9onor Seraille<\/span><span style=\"font-weight: 400;\"><br \/>\n<\/span><b>Written by: <\/b><span style=\"font-weight: 400;\">L\u00e9onor Seraille<\/span> <b><br \/>\n<\/b><b>Produced by: <\/b><span style=\"font-weight: 400;\">Gr\u00e9goire Debailly (Geko Films), Sandra da Fonseca (Blue Monday Productions), Beno\u00eet Roland (Wrong Men), Arte France Cin\u00e9ma<br \/>\n<\/span><b>Cinematography:\u00a0<\/b><span style=\"font-weight: 400;\">S\u00e9bastien Buchmann<br \/>\n<\/span><b>Film Editing:<\/b><span style=\"font-weight: 400;\"> Cl\u00e9mence Carr\u00e9<br \/>\n<\/span><b>Cast:<\/b> <span style=\"font-weight: 400;\">Andranic Manet (Ari),\u00a0Pascal R\u00e9n\u00e9ric (Ari&#8217;s father),\u00a0Th\u00e9o Delezenne (Jonas), Ryad Ferrad (Ryad), Eva Lallier (Clara), Lomane de Dietrich (Aurore), Mikael Don Giancarli (gardener), Cl\u00e9mence Coullon (Ir\u00e8ne)<\/span><b><br \/>\n<\/b><b>International Sales: <\/b><span style=\"font-weight: 400;\">Be For Films<\/span><\/p>\n<p style=\"text-align: right;\"><strong><span style=\"color: #660084;\">Synopsis<\/span><\/strong><\/p>\n<p style=\"text-align: justify;\"><span style=\"font-weight: 400;\">Ari is at loose ends. At 27, he&#8217;s been trained to teach young children, but doesn&#8217;t feel up to the task. Convinced that Ari&#8217;s whole generation is spoiled rotten, his frustrated father kicks him out of his house. Emotionally raw, lost, and now totally alone with nowhere to sleep, the gentle soul ambles through the city, tracking down old friends and desperately in search of something to give his life meaning. However, the linchpin of <\/span><b>L\u00e9onor Serraille<\/b><span style=\"font-weight: 400;\">&#8216;s tender, highly poetic character study of a young man facing the many challenges our often-nihilistic modern world presents him with is <\/span><span style=\"font-weight: 400;\">Andranic Manet&#8217;s <\/span><span style=\"font-weight: 400;\">fragile, spellbinding<\/span> <span style=\"font-weight: 400;\">performance as Ari.<\/span><\/p>\n<p style=\"text-align: right;\"><strong><span style=\"color: #660084;\">Director&#8217;s biography<\/span><\/strong><\/p>\n<p style=\"text-align: justify;\"><span style=\"font-weight: 400;\">Writer\/director <\/span><b>L\u00e9onor Serraille<\/b><span style=\"font-weight: 400;\"> was a literature student before majoring in screenwriting at La F\u00e9mis film school in Paris. Upon graduating, she directed the 42-minute film <\/span><i><span style=\"font-weight: 400;\">Body<\/span><\/i><span style=\"font-weight: 400;\"> (2016), which was screened at several festivals. Her debut feature, <\/span><i><span style=\"font-weight: 400;\">Montparnasse Bienven\u00fce<\/span><\/i><span style=\"font-weight: 400;\"> (COLCOA 2018), was based on her thesis screenplay and snagged the Camera d&#8217;Or in Cannes, the Prix d&#8217;Ornano-Valenti in Deauville, and was nominated for a C\u00e9sar Award for Best First Film.\u00a0 <\/span><i><span style=\"font-weight: 400;\">Mother and Son<\/span><\/i><span style=\"font-weight: 400;\"> (TAFFF 2022), her second feature, was screened in competition at the Cannes Film Festival. <\/span><b><i>Ari<\/i><\/b><span style=\"font-weight: 400;\"> premiered in competition at this year&#8217;s Berlin Film Festival.<\/span><\/p>\n[\/vc_column_text][\/vc_column][vc_column width=&#8221;1\/2&#8243;][mk_image src=&#8221;https:\/\/theamericanfrenchfilmfestival.org\/wp-content\/uploads\/2025\/09\/screenshot-2025-09-28-at-10.00.31.png&#8221; image_size=&#8221;full&#8221; link=&#8221;https:\/\/theamericanfrenchfilmfestival.org\/win-a-trip-to-paris\/&#8221; target=&#8221;_blank&#8221; align=&#8221;center&#8221;][mk_image src=&#8221;https:\/\/theamericanfrenchfilmfestival.org\/wp-content\/uploads\/2025\/09\/ari.jpg&#8221; image_size=&#8221;full&#8221; frame_style=&#8221;gray_border&#8221; align=&#8221;center&#8221;][\/vc_column][\/vc_row][vc_row][vc_column][vc_column_text]\n[\/vc_column_text][\/vc_column][\/vc_row]\n<\/div>","protected":false},"excerpt":{"rendered":"<p>[vc_row][vc_column][mk_padding_divider][vc_column_text css=&#8221;.vc_custom_1756307866567{margin-bottom: 0px !important;}&#8221;] ARI &nbsp; [\/vc_column_text][vc_separator color=&#8221;custom&#8221; css=&#8221;&#8221; accent_color=&#8221;#660084&#8243;][\/vc_column][\/vc_row][vc_row][vc_column width=&#8221;1\/3&#8243;][mk_content_box heading=&#8221;CINEMA COMPETITION &#8211; NEW HORIZONS&#8221;][vc_column_text css=&#8221;.vc_custom_1757191963959{margin-bottom: 0px !important;}&#8221;] RENOIR THEATER Drama [\/vc_column_text][\/mk_content_box][\/vc_column][vc_column width=&#8221;1\/3&#8243;][mk_custom_box corner_radius=&#8221;15&#8243; bg_color=&#8221;#dbcce2&#8243;][vc_column_text css=&#8221;.vc_custom_1758581520954{margin-bottom: 0px !important;}&#8221;] SUNDAY NOVEMBER 2 10:25 pm [\/vc_column_text][\/mk_custom_box][mk_padding_divider size=&#8221;10&#8243;][mk_image src=&#8221;https:\/\/theamericanfrenchfilmfestival.org\/wp-content\/uploads\/2022\/09\/order-tickets.jpg&#8221; image_size=&#8221;full&#8221; link=&#8221;https:\/\/theamericanfrenchfilmfestival.eventive.org\/schedule\/68d7a8de597aa4d2c4e3d900&#8243; target=&#8221;_blank&#8221; align=&#8221;center&#8221;][\/vc_column][vc_column width=&#8221;1\/3&#8243;][mk_content_box heading=&#8221;PRESENTED IN ASSOCIATION WITH:&#8221;][vc_column_text css=&#8221;.vc_custom_1758863187633{margin-bottom: 0px !important;}&#8221;] Be For Films [\/vc_column_text][\/mk_content_box][\/vc_column][\/vc_row][vc_row][vc_column][mk_padding_divider size=&#8221;20&#8243;][vc_separator color=&#8221;custom&#8221; [&hellip;]<\/p>\n","protected":false},"author":4,"featured_media":0,"parent":0,"menu_order":0,"comment_status":"closed","ping_status":"closed","template":"","meta":{"footnotes":""},"class_list":["post-23643","page","type-page","status-publish","hentry"],"_links":{"self":[{"href":"https:\/\/theamericanfrenchfilmfestival.org\/wp-json\/wp\/v2\/pages\/23643","targetHints":{"allow":["GET"]}}],"collection":[{"href":"https:\/\/theamericanfrenchfilmfestival.org\/wp-json\/wp\/v2\/pages"}],"about":[{"href":"https:\/\/theamericanfrenchfilmfestival.org\/wp-json\/wp\/v2\/types\/page"}],"author":[{"embeddable":true,"href":"https:\/\/theamericanfrenchfilmfestival.org\/wp-json\/wp\/v2\/users\/4"}],"replies":[{"embeddable":true,"href":"https:\/\/theamericanfrenchfilmfestival.org\/wp-json\/wp\/v2\/comments?post=23643"}],"version-history":[{"count":10,"href":"https:\/\/theamericanfrenchfilmfestival.org\/wp-json\/wp\/v2\/pages\/23643\/revisions"}],"predecessor-version":[{"id":24874,"href":"https:\/\/theamericanfrenchfilmfestival.org\/wp-json\/wp\/v2\/pages\/23643\/revisions\/24874"}],"wp:attachment":[{"href":"https:\/\/theamericanfrenchfilmfestival.org\/wp-json\/wp\/v2\/media?parent=23643"}],"curies":[{"name":"wp","href":"https:\/\/api.w.org\/{rel}","templated":true}]}}