{"id":22781,"date":"2025-07-02T16:53:07","date_gmt":"2025-07-02T16:53:07","guid":{"rendered":"https:\/\/theamericanfrenchfilmfestival.org\/?page_id=22781"},"modified":"2025-10-18T03:06:08","modified_gmt":"2025-10-18T03:06:08","slug":"log-out","status":"publish","type":"page","link":"https:\/\/theamericanfrenchfilmfestival.org\/log-out\/","title":{"rendered":"LOG OUT"},"content":{"rendered":"<div class=\"wpb-content-wrapper\">[vc_row][vc_column][mk_padding_divider][vc_column_text css=&#8221;.vc_custom_1751475170574{margin-bottom: 0px !important;}&#8221;]\n<h1 style=\"text-align: center;\">LOG OUT<\/h1>\n<h2 style=\"text-align: center;\">(Intra\u00e7ables)<\/h2>\n<h2 style=\"text-align: center;\"><\/h2>\n<h2 style=\"text-align: center;\"><\/h2>\n<h2 style=\"text-align: center;\"><\/h2>\n<h2 style=\"text-align: center;\"><\/h2>\n<p>&nbsp;<\/p>\n<h2 style=\"text-align: center;\"><\/h2>\n[\/vc_column_text][mk_padding_divider size=&#8221;20&#8243;][vc_separator color=&#8221;custom&#8221; css=&#8221;&#8221; accent_color=&#8221;#660084&#8243;][\/vc_column][\/vc_row][vc_row][vc_column width=&#8221;1\/3&#8243;][mk_content_box heading=&#8221;TELEVISION COMPETITION&#8221;][vc_column_text css=&#8221;.vc_custom_1758558564829{margin-bottom: 0px !important;}&#8221;]\n<p style=\"text-align: center;\">MELVILLE THEATER<\/p>\n<h3 style=\"text-align: center;\">Thriller, Drama, Spy<\/h3>\n[\/vc_column_text][\/mk_content_box][\/vc_column][vc_column width=&#8221;1\/3&#8243;][mk_custom_box corner_radius=&#8221;15&#8243; bg_color=&#8221;#dbcce2&#8243;][vc_column_text css=&#8221;.vc_custom_1760756766346{margin-bottom: 0px !important;}&#8221;]\n<p style=\"text-align: center;\"><strong>THURSDAY OCTOBER 30<\/strong><br \/>\n9:00 am (Screening ends at 10:30 am)<br \/>\n<strong>FRIDAY OCTOBER 31<\/strong><br \/>\n1:00 am (Screening ends at 2:35 am)<br \/>\n<em>Followed by a conversation with co-director Luc Walpoth<\/em><br \/>\n<strong>SATURDAY NOVEMBER 1<\/strong><br \/>\n8:10 pm (Screening ends at 9:45 pm)<br \/>\n<strong>MONDAY NOVEMBER 3<\/strong><br \/>\n1:10 pm (Screening ends at 2:45 pm)<\/p>\n[\/vc_column_text][\/mk_custom_box][mk_padding_divider size=&#8221;10&#8243;][\/vc_column][vc_column width=&#8221;1\/3&#8243;][mk_content_box heading=&#8221;PRESENTED IN ASSOCIATION WITH:&#8221;][vc_column_text css=&#8221;.vc_custom_1758904260853{margin-bottom: 0px !important;}&#8221;]\n<p style=\"text-align: center;\">Federation Studios<\/p>\n[\/vc_column_text][\/mk_content_box][\/vc_column][\/vc_row][vc_row][vc_column][mk_padding_divider size=&#8221;20&#8243;][vc_separator color=&#8221;custom&#8221; border_width=&#8221;2&#8243; css=&#8221;&#8221; accent_color=&#8221;#ea1300&#8243;][\/vc_column][\/vc_row][vc_row][vc_column width=&#8221;1\/2&#8243;][vc_column_text css=&#8221;.vc_custom_1756930222712{margin-bottom: 0px !important;}&#8221;]<strong><span style=\"color: #ea1300;\">International Premiere<\/span><\/strong><span style=\"font-weight: 400;\">\u00a0<\/span><span style=\"font-weight: 400;\">| TV Series | France, Switzerland |\u00a02025\u00a0|\u00a0Thriller, Drama, Spy |\u00a06 x 45\u00a0min | Episodes 1 &amp; 2 | In French with English subtitles\u00a0<\/span><\/p>\n<p><b>Directed by<\/b><span style=\"font-weight: 400;\">:<\/span> <span style=\"font-weight: 400;\">Louis Farge, Luc Walpoth<\/span><span style=\"font-weight: 400;\"><br \/>\n<\/span><b>Created by<\/b><span style=\"font-weight: 400;\">: <\/span><span style=\"font-weight: 400;\">Ami Cohen,\u00a0Rapha\u00ebl Meyer<br \/>\n<\/span><b>Written by<\/b><span style=\"font-weight: 400;\">: Ami Cohen,\u00a0Rapha\u00ebl Meyer, France Ortelli, Mathilde Arnaud<br \/>\n<\/span><b>Produced by<\/b><span style=\"font-weight: 400;\">: Thomas Saignes (Empreinte Digitale), Philippe Coeytaux (Akka Films), RTS, TF1<br \/>\n<\/span><b>Cinematography<\/b><span style=\"font-weight: 400;\">: <\/span><span style=\"font-weight: 400;\">Martin Laugery, Gabriel Lobos<\/span><span style=\"font-weight: 400;\"><br \/>\n<\/span><b>Original Score<\/b><span style=\"font-weight: 400;\">:\u00a0Anthony d\u2019Amario, <\/span><span style=\"font-weight: 400;\">Edouard Rigaudi\u00e8re<br \/>\n<\/span><b>Film Editing<\/b><span style=\"font-weight: 400;\">: Adrien Pallatier, Gopal Puntos<br \/>\n<\/span><b>Cast<\/b><span style=\"font-weight: 400;\">: <\/span><span style=\"font-weight: 400;\">Sofia Essa\u00efdi (Giulia Conforni),\u00a0Alexis Michalik (David Becker),\u00a0Arcadi Radeff (Achille), Ir\u00e8ne Jacob (Jos\u00e8phe), Michel Vo\u00efta (Ambroise Keller), Antoine Basler (Carl)<br \/>\n<\/span><b>International Sales<\/b><span style=\"font-weight: 400;\">: Federation Studios<br \/>\n<\/span><b>Original Broadcasting<\/b><span style=\"font-weight: 400;\">: TF1 (<\/span><span style=\"font-weight: 400; color: #ea1300;\">TBA<\/span><span style=\"font-weight: 400;\">)<\/span><\/p>\n<p style=\"text-align: right;\"><strong><span style=\"color: #660084;\">Synopsis<\/span><\/strong><\/p>\n<p style=\"text-align: justify;\"><span style=\"font-weight: 400;\">Giulia&#8217;s husband, David, is killed in a freak accident. Seven years later, she and her teenage son, Achile, are still grieving. One night a mysterious man hops into the back seat of her taxi, triggering repressed memories of the traumatic event and launching her into a tenacious fact-finding mission into what she now believes was David&#8217;s murder. However, she quickly finds herself in the crosshairs of notorious hacker Jezebel, who is tracking her every move. <\/span><span style=\"font-weight: 400;\">Giulia<\/span><span style=\"font-weight: 400;\"> and <\/span><span style=\"font-weight: 400;\">Achille<\/span><span style=\"font-weight: 400;\"> are then forced into a kind of &#8220;digital death,&#8221; on the lam with no electronic devices or credit cards, and avoiding the surveillance cameras that seem to be everywhere.<\/span><\/p>\n<p style=\"text-align: right;\"><strong><span style=\"color: #660084;\">Creators&#8217; Biographies<\/span><\/strong><\/p>\n<p style=\"text-align: justify;\"><b>Ami Cohen<\/b><span style=\"font-weight: 400;\"> began his television career directing 20 episodes of <\/span><i><span style=\"font-weight: 400;\">Ben se fait des films<\/span><\/i><span style=\"font-weight: 400;\"> (2008-2009) and all episodes of <\/span><i><span style=\"font-weight: 400;\">Has It Ever Happened to You?<\/span><\/i><span style=\"font-weight: 400;\"> (2009). He co-created the series <\/span><i><span style=\"font-weight: 400;\">Missions<\/span><\/i><span style=\"font-weight: 400;\"> (2017-2022) and wrote the mini series <\/span><i><span style=\"font-weight: 400;\">Murder Club<\/span><\/i><span style=\"font-weight: 400;\"> (2024), various episodes of <\/span><i><span style=\"font-weight: 400;\">Off Season<\/span><\/i><span style=\"font-weight: 400;\"> (2022) and <\/span><i><span style=\"font-weight: 400;\">En Haute Mer<\/span><\/i><span style=\"font-weight: 400;\"> (2024). <\/span><b>Rapha\u00ebl Meyer<\/b><span style=\"font-weight: 400;\"> wrote and directed the short films <\/span><i><span style=\"font-weight: 400;\">J\u00fcrg<\/span><\/i><span style=\"font-weight: 400;\"> (2017), <\/span><i><span style=\"font-weight: 400;\">Terre<\/span><\/i><span style=\"font-weight: 400;\"> (2018), <\/span><i><span style=\"font-weight: 400;\">Arena<\/span><\/i><span style=\"font-weight: 400;\"> (2019), and <\/span><i><span style=\"font-weight: 400;\">\u00c0 la Toussaint<\/span><\/i><span style=\"font-weight: 400;\"> (2019), as well as six episodes of the TV series <\/span><i><span style=\"font-weight: 400;\">B\u00e2tards<\/span><\/i><span style=\"font-weight: 400;\"> (2020). He also wrote an episode of <\/span><i><span style=\"font-weight: 400;\">Off Season<\/span><\/i><span style=\"font-weight: 400;\"> (2022), and co-wrote scripts for the short films <\/span><i><span style=\"font-weight: 400;\">Kome ptice lete<\/span><\/i><span style=\"font-weight: 400;\"> (2022) and <\/span><i><span style=\"font-weight: 400;\">Loynes<\/span><\/i><span style=\"font-weight: 400;\"> (2025).<\/span><\/p>\n[\/vc_column_text][\/vc_column][vc_column width=&#8221;1\/2&#8243;][mk_image src=&#8221;https:\/\/theamericanfrenchfilmfestival.org\/wp-content\/uploads\/2025\/09\/screenshot-2025-09-28-at-10.07.49.png&#8221; image_size=&#8221;full&#8221; link=&#8221;https:\/\/theamericanfrenchfilmfestival.org\/win-a-cruise-for-two-in-europe\/&#8221; target=&#8221;_blank&#8221; align=&#8221;center&#8221;][mk_image src=&#8221;https:\/\/theamericanfrenchfilmfestival.org\/wp-content\/uploads\/2025\/09\/log-out.jpg&#8221; image_size=&#8221;full&#8221; frame_style=&#8221;gray_border&#8221; align=&#8221;center&#8221;][\/vc_column][\/vc_row][vc_row][vc_column][vc_column_text]\n[\/vc_column_text][\/vc_column][\/vc_row]\n<\/div>","protected":false},"excerpt":{"rendered":"<p>[vc_row][vc_column][mk_padding_divider][vc_column_text css=&#8221;.vc_custom_1751475170574{margin-bottom: 0px !important;}&#8221;] LOG OUT (Intra\u00e7ables) &nbsp; [\/vc_column_text][mk_padding_divider size=&#8221;20&#8243;][vc_separator color=&#8221;custom&#8221; css=&#8221;&#8221; accent_color=&#8221;#660084&#8243;][\/vc_column][\/vc_row][vc_row][vc_column width=&#8221;1\/3&#8243;][mk_content_box heading=&#8221;TELEVISION COMPETITION&#8221;][vc_column_text css=&#8221;.vc_custom_1758558564829{margin-bottom: 0px !important;}&#8221;] MELVILLE THEATER Thriller, Drama, Spy [\/vc_column_text][\/mk_content_box][\/vc_column][vc_column width=&#8221;1\/3&#8243;][mk_custom_box corner_radius=&#8221;15&#8243; bg_color=&#8221;#dbcce2&#8243;][vc_column_text css=&#8221;.vc_custom_1760756766346{margin-bottom: 0px !important;}&#8221;] THURSDAY OCTOBER 30 9:00 am (Screening ends at 10:30 am) FRIDAY OCTOBER 31 1:00 am (Screening ends at 2:35 am) Followed by a conversation [&hellip;]<\/p>\n","protected":false},"author":4,"featured_media":0,"parent":0,"menu_order":0,"comment_status":"closed","ping_status":"closed","template":"","meta":{"footnotes":""},"class_list":["post-22781","page","type-page","status-publish","hentry"],"_links":{"self":[{"href":"https:\/\/theamericanfrenchfilmfestival.org\/wp-json\/wp\/v2\/pages\/22781","targetHints":{"allow":["GET"]}}],"collection":[{"href":"https:\/\/theamericanfrenchfilmfestival.org\/wp-json\/wp\/v2\/pages"}],"about":[{"href":"https:\/\/theamericanfrenchfilmfestival.org\/wp-json\/wp\/v2\/types\/page"}],"author":[{"embeddable":true,"href":"https:\/\/theamericanfrenchfilmfestival.org\/wp-json\/wp\/v2\/users\/4"}],"replies":[{"embeddable":true,"href":"https:\/\/theamericanfrenchfilmfestival.org\/wp-json\/wp\/v2\/comments?post=22781"}],"version-history":[{"count":23,"href":"https:\/\/theamericanfrenchfilmfestival.org\/wp-json\/wp\/v2\/pages\/22781\/revisions"}],"predecessor-version":[{"id":25075,"href":"https:\/\/theamericanfrenchfilmfestival.org\/wp-json\/wp\/v2\/pages\/22781\/revisions\/25075"}],"wp:attachment":[{"href":"https:\/\/theamericanfrenchfilmfestival.org\/wp-json\/wp\/v2\/media?parent=22781"}],"curies":[{"name":"wp","href":"https:\/\/api.w.org\/{rel}","templated":true}]}}