{"id":21172,"date":"2025-01-30T01:22:01","date_gmt":"2025-01-30T01:22:01","guid":{"rendered":"https:\/\/theamericanfrenchfilmfestival.org\/?page_id=21172"},"modified":"2026-02-15T00:01:10","modified_gmt":"2026-02-15T00:01:10","slug":"archives-2024-index-html","status":"publish","type":"page","link":"https:\/\/theamericanfrenchfilmfestival.org\/about-us\/archives-2024-index-html\/","title":{"rendered":"2024 TAFFF Edition"},"content":{"rendered":"<div class=\"wpb-content-wrapper\">[vc_row][vc_column][mk_padding_divider size=&#8221;20&#8243;][vc_column_text css=&#8221;.vc_custom_1738360741387{margin-bottom: 0px !important;}&#8221;]\n<h2>2024 DELEGATION &amp; FILMS<\/h2>\n<p>Check out the <a href=\"https:\/\/archive.theamericanfrenchfilmfestival.org\/2024\/\" target=\"_blank\" rel=\"noopener\">2024 Edition website<\/a> for a detailed presentation of the program.[\/vc_column_text][vc_separator color=&#8221;custom&#8221; accent_color=&#8221;#004eef&#8221;][mk_padding_divider size=&#8221;20&#8243;][\/vc_column][\/vc_row][vc_row][vc_column][vc_column_text css=&#8221;.vc_custom_1738200519902{margin-bottom: 0px !important;}&#8221;]\n<h3><span style=\"color: #660084;\">DELEGATION<\/span><\/h3>\n[\/vc_column_text][mk_padding_divider size=&#8221;20&#8243;][\/vc_column][\/vc_row][vc_row][vc_column width=&#8221;1\/2&#8243;][vc_column_text css=&#8221;.vc_custom_1738199982821{margin-bottom: 0px !important;}&#8221;]Naomi Amarger \u2013 Director of Photography (in Paris)<br \/>\nChristine Angot \u2013 Author, Writer, Director<br \/>\nJacques Audiard \u2013 Writer, Director<br \/>\nLisa Azuelos \u2013 Writer, Director<br \/>\nMathis Bernard \u2013 Actor (in Paris)<br \/>\nPriscilla Bertin \u2013 Writer, Director<br \/>\nDamien Bonnard \u2013 Actor<br \/>\nMarc Bordure \u2013 Producer (in Paris)<br \/>\nCarine Boy\u00e9\u00a0\u2013 Producer (in Paris)<br \/>\nRomain Br\u00e9mond \u2013 Producer<br \/>\nCamille \u2013 Composer, Singer<br \/>\nStanislas Carr\u00e9 de Malberg \u2013 Writer, Director<br \/>\nBenjamin Charbit \u2013 Showrunner, Writer<br \/>\nCharlie Clovis &#8211; Musician<br \/>\nSanda Codreanu &#8211; Actress<br \/>\nJulien Colonna \u2013 Writer, Director<br \/>\nEmmanuel Courcol \u2013 Writer, Director (in Paris)<br \/>\nThierry De Clermont-Tonnerre \u2013 Producer<br \/>\nArnaud De Cr\u00e9miers \u2013 Producer (in Paris)<br \/>\nAlexandre De La Patelli\u00e8re \u2013 Writer, Director<br \/>\nSantiago Dolan, Composer<br \/>\nEmilie de Monsabert \u2013 Writer, director (in Paris)<br \/>\nMatthieu Delaporte \u2013 Writer, Director<br \/>\nIsabelle Degeorges \u2013 Producer (in Paris)<br \/>\nKevin Deysson \u2013 Producer (in Paris)<br \/>\nCl\u00e9ment Ducol &#8211; Composer<br \/>\nMarielle Dugoui \u2013 Producer<br \/>\nPierre-Marie Dru \u2013 Music Supervisor, Music Producer<br \/>\nAnnette Dutertre &#8211; Editor<br \/>\nMareike Engelhardt \u2013 Writer, Director<br \/>\nBertrand Faivre &#8211; Producer<br \/>\nMarc Fitoussi \u2013 Writer, Director<br \/>\nAnne Fontaine \u2013 Writer, Director<br \/>\nPierre Garnier \u2013 Producer<br \/>\nMarie-Laure H\u00e9brard \u2013 Director of Sales (in Paris)[\/vc_column_text][\/vc_column][vc_column width=&#8221;1\/2&#8243;][vc_column_text css=&#8221;.vc_custom_1738200008538{margin-bottom: 0px !important;}&#8221;]Karla Sof\u00eda Gasc\u00f3n &#8211; Actress<br \/>\nSelena Gomez \u2013 Actress, Singer<br \/>\nMichel Hazanavicius \u2013 Writer, Director<br \/>\nDavid Hertzog Dessites \u2013 Writer, Director<br \/>\nAudrey Ismael &#8211; Composer<br \/>\nAntoine Lafon &#8211; Producer<br \/>\nMalou Khebizi &#8211; Actress<br \/>\nPauline Lamy &#8211; Producer<br \/>\nJean-Marie Larrieu \u2013 Writer, Director<br \/>\nKarim Leklou \u2013 Actor<br \/>\nMonica Levy &#8211; Producer<br \/>\nBoris Lojkine \u2013 Writer, Director (in Paris)<br \/>\nRichard Lorber &#8211; Distributor<br \/>\nMarie Masmonteil &#8211; Producer<br \/>\nLionel Massol \u2013 Producer<br \/>\nMuriel Meynard \u2013 Producer (in Paris)<br \/>\nPatrick Mille &#8211;\u00a0 Actor<br \/>\nIr\u00e8ne Muscari \u2013 Writer (in Paris)<br \/>\nBruno Nahon \u2013 Producer (in Paris)<br \/>\nMelvil Poupaud &#8211; Actor<br \/>\nDaniel Preljocaj &#8211; Producer<br \/>\nJ\u00e9r\u00f4me Rebotier \u2013 Composer<br \/>\nDimitri Rassam &#8211; Producer<br \/>\nAgathe Riedinger \u2013 Writer, Director<br \/>\nZoe Salda\u00f1a &#8211; Actress<br \/>\nArdavan Safaee \u2013 Producer<br \/>\nJ\u00e9r\u00f4me Salle \u2013 Director (in Paris)<br \/>\nTed Sarandos \u2013 CEO Netflix<br \/>\nVanessa Schneider \u2013 Author, Journalist<br \/>\nVal\u00e9rie Tailland \u2013 Marketing Director (in Paris)<br \/>\nThierry Teston \u2013 Writer, Director<br \/>\nFanny Valette &#8211; Actress<br \/>\nArnaud Valois \u2013 Actor[\/vc_column_text][\/vc_column][\/vc_row][vc_row][vc_column][vc_column_text css=&#8221;.vc_custom_1738200065216{margin-bottom: 0px !important;}&#8221;]\u2026 and our Panelists, Jurors and Moderators: Jon Amiel, Taylor Arthur, Jon Avnet, Maria Bertrand, Frederic Cassidy, Taylor Chukwu, Antoine de Cazotte, Eliza Clark, Henry Crum, Peter Debruge, AJ Dungo, Nisha Ganatra, David S. Goyer, Emilia Graham, Tim Grieving, Taylor Hackford, Tate Heinse, Ted Hope, Jon Horn, Julia Jett, Cy Joseph, Jeremy Kagan, Jason Keller, Elsa Keslassy, Laurent Kleindienst, Pascal Ladreyt, Debra Levine, Sheri Linden, Alex Litvak, Lael Loewenstein, Lily Mariye, Wade Major, Evan Mirzai, Jonathan Morsow, Laure Murat, Michael Ordonna, Dimitri Rassam, Howard A. Rodman, Jay Roewe, Alexander Schmitt, Oona Seppala, Floria Sigismondi, Jed Smith, Luke Thompson, Pinar Toprak, Steve Zallian, Daniel Zucker.[\/vc_column_text][\/vc_column][\/vc_row][vc_row][vc_column][vc_separator color=&#8221;custom&#8221; accent_color=&#8221;#004eef&#8221;][vc_column_text css=&#8221;.vc_custom_1738200476709{margin-bottom: 0px !important;}&#8221;]\n<h3><span style=\"color: #660084;\">FILMS &amp; SERIES\u00a0<\/span><\/h3>\n[\/vc_column_text][mk_padding_divider size=&#8221;20&#8243;][\/vc_column][\/vc_row][vc_row][vc_column][vc_row_inner][vc_column_inner width=&#8221;1\/2&#8243;][vc_column_text css=&#8221;.vc_custom_1738200509955{margin-bottom: 0px !important;}&#8221;]\n<h4>CINEMA<\/h4>\n<p><strong>\u00a0<\/strong><strong>A FAMILY (Une famille)<br \/>\nLos Angeles Premiere<br \/>\nDocumentary<br \/>\nWritten &amp; Directed by: Christine Angot<\/strong><\/p>\n<p><strong>A NICE JEWISH BOY (Le Dernier des juifs)<br \/>\nNorth American Premiere<br \/>\nComedy \/ Drama<br \/>\nDirected by:\u00a0No\u00e9 Debr\u00e9<br \/>\nWritten by:\u00a0No\u00e9 Debr\u00e9, \u00c9lie Benchimol<br \/>\nOriginal Score:\u00a0Valentin Hadjadj<\/strong><\/p>\n<p><strong>AUCTION (Le Tableau vol\u00e9)<br \/>\nLos Angeles Premiere<br \/>\nDrama \/ Comedy<br \/>\nDirected by:\u00a0Pascal Bonitzer<br \/>\nWritten by:\u00a0Pascal Bonitzer<br \/>\nOriginal Score:\u00a0Alexe\u00ef A\u00efgui<\/strong><\/p>\n<p><strong>BEING MARIA (Maria)<br \/>\nNorth American Premiere<br \/>\nDrama, Biopic<br \/>\nDirected by:\u00a0Jessica Palud<br \/>\nWritten by:\u00a0Jessica Palud, Laurette Polmanss<br \/>\nOriginal Score:\u00a0Benjamin Biolay<\/strong><\/p>\n<p><strong>BOLERO<br \/>\nUS Premiere<br \/>\nBiopic \/ Drama<br \/>\nDirected by:\u00a0Anne Fontaine<br \/>\nWritten by:\u00a0Anne Fontaine,\u00a0Claire Barr\u00e9, Jacques Fieschi, Pierre Trividic<br \/>\nOriginal Score:\u00a0Bruno Coulais<\/strong><\/p>\n<p><strong>DEATH OF A CORRUPT MAN (Mort d\u2019un pourri)<br \/>\nThriller\u2013 Digitally restored<br \/>\nDirected by:\u00a0Georges Lautner<br \/>\nWritten by:\u00a0Georges Lautner, Michel Audiard, Claude Sautet<br \/>\nOriginal Score:\u00a0Philippe Sarde (performed by Stan Getz)<\/strong><\/p>\n<p><strong>DOG ON TRIAL (Le Proc\u00e8s du chien)<br \/>\nNorth American Premiere<br \/>\nComedy<br \/>\nDirected by:\u00a0Laetitia Dosch<br \/>\nWritten by:\u00a0Laetitia Dosch,\u00a0Anne-Sophie Bailly<br \/>\nOriginal Score:\u00a0David Sztanke<\/strong><\/p>\n<p><strong>EMILIA P\u00c9REZ<br \/>\nSpecial Screening<br \/>\nDrama \/ Musical \/ Thriller<br \/>\nDirected by:\u00a0Jacques Audiard<br \/>\nWritten by:\u00a0Jacques Audiard<br \/>\nOriginal Songs and Score:\u00a0Cl\u00e9ment Ducol and &#8211; Camille \u2013<\/strong><\/p>\n<p><strong>HOLY COW<br \/>\nLos Angeles Premiere<br \/>\nDrama \/ Coming of Age<br \/>\nDirected by:\u00a0Louise Courvoisier<br \/>\nWritten by:\u00a0Louise Courvoisier, Th\u00e9o Abadie<br \/>\nOriginal Score:\u00a0Charlie Lavoisier, Linda Lavoisier<\/strong><\/p>\n<p><strong>IN THE SUB FOR LOVE (A toute allure)<br \/>\nNorth American Premiere<br \/>\nComedy, Romance<br \/>\nDirected by:\u00a0Lucas Bernard<br \/>\nWritten by:\u00a0Lucas Bernard<br \/>\nOriginal Score:\u00a0Christophe Danvin<\/strong><\/p>\n<p><strong>JIM\u2019S STORY (Le Roman de Jim)<br \/>\nNorth American Premiere<br \/>\nDrama<br \/>\nDirected by:\u00a0Arnaud Larrieu,\u00a0Jean-Marie Larrieu<br \/>\nWritten by:\u00a0Arnaud Larrieu,\u00a0Jean-Marie Larrieu<br \/>\nOriginal Score:\u00a0Bertrand Belin, Shane Copin<\/strong><\/p>\n<p><strong>MAYBE MORE (Et plus si affinit\u00e9)<br \/>\nUS Premiere<br \/>\nComedy \u2013 Recommended 17+<br \/>\nDirected by:\u00a0Olivier Ducray,\u00a0Wilfried Meance<br \/>\nWritten by:\u00a0Olivier Ducray,\u00a0Wilfried Meance, Jean-Paul Bathany<br \/>\nOriginal Score:\u00a0Alexis Rault<\/strong><\/p>\n<p><strong>MY WAY<br \/>\nNorth American Premiere<br \/>\nDocumentary, Musical<br \/>\nDirected by:\u00a0Thierry Teston, Lisa Azuelos<br \/>\nWritten by:\u00a0Thierry Teston, Lisa Azuelos<br \/>\nOriginal Score:\u00a0Thierry Teston<\/strong><\/p>\n<p><strong>ONCE UPON A TIME MICHEL LEGRAND (Il \u00e9tait une fois Michel Legrand)<br \/>\nNorth American Premiere<br \/>\nDocumentary<br \/>\nDirected by:\u00a0David Hertzog Dessites<br \/>\nWritten by:\u00a0David Hertzog Dessites, Willy Duraffourg<\/strong><\/p>\n<p><strong>RABIA<br \/>\nNorth American Premiere<br \/>\nDrama<br \/>\nDirected by:\u00a0Mareike Engelhardt<br \/>\nWritten by:\u00a0Mareike Engelhardt,\u00a0Samuel Doux<br \/>\nOriginal Score:\u00a0David Chalmin<\/strong><\/p>\n<p><strong>SAINT-EXUP\u00c9RY (Saint-Ex)<br \/>\nNorth American Premiere<br \/>\nAdventures, Drama, Biopic<br \/>\nDirected by:\u00a0Pablo Ag\u00fcero<br \/>\nWritten by:\u00a0Pablo Ag\u00fcero<br \/>\nOriginal Score:\u00a0Christophe Julien<\/strong><\/p>\n[\/vc_column_text][\/vc_column_inner][vc_column_inner width=&#8221;1\/2&#8243;][mk_padding_divider size=&#8221;20&#8243;][vc_column_text css=&#8221;.vc_custom_1738200400356{margin-bottom: 0px !important;}&#8221;]<strong>SOMEWHERE IN LOVE (Une vie r\u00eav\u00e9e)<br \/>\nUS Premiere<br \/>\nDrama<br \/>\nDirected by:\u00a0Morgan Simon<br \/>\nWritten by:\u00a0Morgan Simon<br \/>\nOriginal Score:\u00a0David Chalmin<\/strong><\/p>\n<p><strong>SOULEYMANE\u2019S STORY (L\u2019Histoire de Souleymane)<br \/>\nUS Premiere<br \/>\nDrama<br \/>\nDirected by:\u00a0Boris Lojkine<br \/>\nWritten by:\u00a0Delphine Agut,\u00a0Boris Lojkine<\/strong><\/p>\n<p><strong>SURVIVE (Survivre)<br \/>\nNorth American Premiere<br \/>\nAdventure \/ Horror \/ Sci-Fi<br \/>\nDirected by:\u00a0Fr\u00e9d\u00e9ric Jardin<br \/>\nWritten by:\u00a0Matt Alexander<br \/>\nOriginal Score:\u00a0Nicolas Err\u00e8ra<\/strong><\/p>\n<p><strong>TEHACHAPI<br \/>\nSpecial Screening<br \/>\nDocumentary<br \/>\nDirected by: JR<br \/>\nWritten by: JR<\/strong><\/p>\n<p><strong>THE BALCONETTES (Les Femmes au balcon)<br \/>\nSpecial Screening<br \/>\nComedy \/ Horror \/ Thriller<br \/>\nDirected by:\u00a0No\u00e9mie Merlant<br \/>\nWritten by:\u00a0No\u00e9mie Merlant, C\u00e9line Sciamma<br \/>\nOriginal Score:\u00a0U\u00e8le Lamor<\/strong><\/p>\n<p><strong>THE COUNT OF MONTE CRISTO (Le Comte de Monte-Cristo)<br \/>\nWest Coast Premiere<br \/>\nDrama, Adventure, Romance<br \/>\nDirected by:\u00a0Matthieu Delaporte,\u00a0Alexandre De La Patelli\u00e8re<br \/>\nWritten by:\u00a0Matthieu Delaporte, Alexandre De La Patelli\u00e8re<br \/>\nOriginal Score:\u00a0J\u00e9r\u00f4me Rebotier<\/strong><\/p>\n<p><strong>THE EMPIRE (L\u2019Empire)<br \/>\nNorth American Premiere<br \/>\nDirected by:\u00a0Bruno Dumont<br \/>\nWritten by:\u00a0Bruno Dumont<\/strong><\/p>\n<p><strong>THE KINGDOM (Le Royaume)<br \/>\nSpecial Screening<br \/>\nDrama \/ Thriller<br \/>\nDirected by:\u00a0Julien Coronna<br \/>\nWritten by:\u00a0Julien Coronna, Jeanne Herry<br \/>\nOriginal Score:\u00a0Audrey Isma\u00ebl<\/strong><\/p>\n<p><strong>THE MAN WITH A THOUSAND FACES (L\u2019homme aux mille visages)<br \/>\nNorth American Premiere<br \/>\nDocumentary<br \/>\nWritten and Directed by:\u00a0Sonia Kronlund<\/strong><\/p>\n<p><strong>THE MARCHING BAND (En fanfare)<br \/>\nNorth American Premiere<br \/>\nDrama, Comedy<br \/>\nDirected by:\u00a0Emmanuel Courcol<br \/>\nWritten by:\u00a0Emmanuel Courcol, Ir\u00e8ne Muscari<br \/>\nOriginal Score:\u00a0Michel Petrossian<\/strong><\/p>\n<p><strong>THE MOST PRECIOUS OF CARGOES (La Plus pr\u00e9cieuse des marchandises)<br \/>\nNorth American Premiere<br \/>\nAnimation, Drama<br \/>\nDirected by:\u00a0Academy Award\u00ae winner Michel Hazanavicius<br \/>\nWritten by:\u00a0Academy Award\u00ae winner Michel Hazanavicius, Jean-Claude Grumberg<br \/>\nOriginal Score:\u00a0Academy Award\u00ae winner Alexandre Desplat<\/strong><\/p>\n<p><strong>THE SECOND ACT (Le Deuxi\u00e8me acte)<br \/>\nWest Coast Premiere<br \/>\nComedy<br \/>\nDirected by:\u00a0Quentin Dupieux<br \/>\nWritten by:\u00a0Quentin Dupieux<\/strong><strong>\u00a0<\/strong><\/p>\n<p><strong>THE TIES THAT BIND US (L\u2019Attachement)<br \/>\nNorth American Premiere<br \/>\nDrama \/ Romance<br \/>\nDirected by:\u00a0Carine Tardieu<br \/>\nWritten by:\u00a0Carine Tardieu, Rapha\u00eble Moussafir, Agn\u00e8s Feuvre<br \/>\nOriginal Score:\u00a0Eric Slabniak<\/strong><\/p>\n<p><strong>THREE FRIENDS (Trois amies)<br \/>\nNorth American Premiere<br \/>\nDrama, Comedy, Romance<br \/>\nDirected by:\u00a0Emmanuel Mouret<br \/>\nWritten by:\u00a0Emmanuel Mouret,\u00a0Carmen Leroi<br \/>\nOriginal Score:\u00a0Benjamin Esdraffo<\/strong><\/p>\n<p><strong>THROUGH THE NIGHT (Quitter la nuit)<br \/>\nWest Coast Premiere<br \/>\nDrama, Film Noir<br \/>\nDirected by:\u00a0Delphine Girard<br \/>\nWritten by:\u00a0Delphine Girard<br \/>\nOriginal Score:\u00a0Ben Shemie<\/strong><\/p>\n<p><strong>WILD DIAMOND (Diamant brut)<br \/>\nLos Angeles Premiere<br \/>\nDrama \/ Coming of Age<br \/>\nDirected by:\u00a0Agathe Riedinger<br \/>\nWritten by:\u00a0Agathe Riedinger<br \/>\nOriginal Score:\u00a0Audrey Isma\u00ebl<\/strong><\/p>\n[\/vc_column_text][\/vc_column_inner][\/vc_row_inner][vc_separator color=&#8221;custom&#8221; accent_color=&#8221;#004eef&#8221;][\/vc_column][\/vc_row][vc_row][vc_column width=&#8221;1\/2&#8243;][vc_column_text css=&#8221;.vc_custom_1738200915602{margin-bottom: 0px !important;}&#8221;]\n<h4>TELEVISION<\/h4>\n<p><strong>A DANGEROUS FRIENDSHIP (Une amiti\u00e9 dangereuse)<br \/>\nNorth American Premiere<br \/>\nSeries, History \/ Drama \/ Romance, Episodes 1 &amp; 2<br \/>\nDirected by:\u00a0Alain Tasma<br \/>\nWritten by:\u00a0Alain Tasma,\u00a0Henri Helman, \u00c8ve de Castro<br \/>\nOriginal Score:<\/strong>\u00a0<strong>Cyrille Aufort<\/strong><\/p>\n<p><strong>BECOMING KARL LAGERFELD<br \/>\nSpecial Screening<br \/>\nSeries, Biopic \/ Drama, Episodes 1 &amp; 2<br \/>\nDirected by: J\u00e9r\u00f4me Salle, Audrey Estrougo<br \/>\nCreated by: Isaure Pisani-Ferry,\u00a0Jennifer Have<br \/>\nOriginal Score:\u00a0Sacha Galperine, Evgeni Galperine<\/strong><\/p>\n<p><strong>\u00c7A, C\u2019EST PARIS! (Season 1)<br \/>\nInternational Premiere<br \/>\nSeries &#8211; Comedy \u2013 Episodes 1 &amp; 2<br \/>\nDirected by:\u00a0Marc Fitoussi<br \/>\nCreated by:\u00a0Marc Fitoussi,\u00a0Edgard F. Grima,\u00a0J\u00e9r\u00f4me Bruno<br \/>\nWritten by:\u00a0Marc Fitoussi, Edgard F. Grima, J\u00e9r\u00f4me Bruno<br \/>\nOriginal Score:\u00a0Bertrand Burgalat<\/strong><\/p>\n<p><strong>CLEMENCEAU, THE TIGER&#8217;S LAST LOVE (Georges Cl\u00e9menceau, la force d\u2019aimer)<br \/>\nNorth American Premiere<br \/>\nTV Movie, Drama \/ War<br \/>\nDirected by:\u00a0Lorraine Levy<br \/>\nWritten by:\u00a0Jacques Santamaria,\u00a0Nathalie Saint-Cricq<br \/>\nOriginal Score:\u00a0Cyrille Aufort<\/strong><\/p>\n<p><strong>DAY ONE: ESCAPING UKRAINE (Sentinelles-Ukraine)<br \/>\nInternational Premiere<br \/>\nSeries, Drama \/ War, Episodes 1&amp; 2<br \/>\nDirected by:\u00a0Jean-Philippe Amar<br \/>\nWritten by:\u00a0Fr\u00e9d\u00e9ric Krivine, Thibault Valetoux<br \/>\nOriginal Score:\u00a0Eric Neveux<\/strong><\/p>\n<p><strong>EXTRA. (Season 1)<br \/>\nNorth American Premiere<br \/>\nSeries, Comedy, Episodes 1, 2 &amp; 3<br \/>\nDirected by:\u00a0Jonathan Hazan,\u00a0Matthieu Bernard<br \/>\nCreated and Written by:\u00a0Jonathan Hazan,\u00a0Matthieu Bernard<br \/>\nOriginal Score:\u00a0Pierre-Antoine Durand<\/strong><\/p>\n<p><strong>IN THE SHADOWS (Dans l\u2019ombre)<br \/>\nNorth American Premiere<br \/>\nSeries &#8211; Political thriller \u2013 Episodes 1 &amp; 2<br \/>\nDirected by:\u00a0Pierre Schoeller, Guillaume Senez<br \/>\nCreated by:\u00a0Pierre Schoeller<br \/>\nWritten by:\u00a0Pierre Schoeller, Lamara Lepr\u00eatre-Habib, C\u00e9dric Anger<br \/>\nOriginal Score:\u00a0Julie Rou\u00e9<\/strong>[\/vc_column_text][\/vc_column][vc_column width=&#8221;1\/2&#8243;][mk_padding_divider size=&#8221;20&#8243;][vc_column_text margin_bottom=&#8221;0&#8243; css=&#8221;.vc_custom_1771113668222{margin-bottom: 0px !important;}&#8221;]<strong>SAMBER<\/strong>\u00a0<strong>(Sambre)<\/strong><br \/>\n<strong>North American Premiere<br \/>\nSeries, Thriller \/ Drama, Episodes 1 &amp; 2<br \/>\nDirected by:\u00a0Jean-Xavier de Lestrade<br \/>\nWritten by:\u00a0Alice G\u00e9raud,\u00a0Marc Herpoux, Jean-Xavier de Lestrade<br \/>\nOriginal Score:\u00a0Raf Keunen<\/strong><\/p>\n<p><strong>THE BLISSFUL (Les Enchant\u00e9s)<br \/>\nNorth American Premiere<br \/>\nTV Movie, Drama<br \/>\nDirected by:\u00a0Stanislas Carr\u00e9 de Malberg<br \/>\nWritten by:\u00a0Stanislas Carr\u00e9 de Malberg,\u00a0Rapha\u00eble Moussafir<br \/>\nOriginal Score:\u00a0Robin Coudert<\/strong><\/p>\n<p><strong>THE CONFIDANTE (Une amie d\u00e9vou\u00e9e)<br \/>\nSpecial Screening<br \/>\nSeries,\u00a0Drama, Episodes 1 &amp; 2<br \/>\nDirected by:\u00a0Just Philippot<br \/>\nCreated by:\u00a0Fanny Burdino, Samuel Doux, Alexandre Kauffmann, Jean-Baptiste Delafon<br \/>\nOriginal Score:\u00a0Robin Coudert<\/strong><\/p>\n<p><strong>THE DISAPPEARANCE OF KIMMY DIORE (Les Enfants sont rois)<br \/>\nSpecial Screening<br \/>\nSeries, Drama \/ Thriller \u2013 Episodes 1 &amp; 2<br \/>\nDirected by:\u00a0S\u00e9bastien Marnier<br \/>\nCreated by:\u00a0Judith Havas<u>,<\/u>\u00a0Victor Rodenbach<br \/>\nOriginal Score:\u00a0Arnaud Rebotini<\/strong><\/p>\n<p><strong>THE TEST (A l\u2019\u00e9preuve)<br \/>\nNorth American Premiere<br \/>\nTV Movie, Drama<br \/>\nDirected by:\u00a0Akim Isker<br \/>\nWritten by:\u00a0Fanny Chesnel,\u00a0No\u00e9mie De Lapparent<br \/>\nOriginal Score:\u00a0Eric Neveux<\/strong><\/p>\n<p><strong>THE TRIGGER (La Fi\u00e8vre)<br \/>\nNorth American Premiere<br \/>\nSeries, Drama \/ Thriller, Episodes 1 &amp; 2<br \/>\nDirected by:\u00a0Ziad Doueiri<br \/>\nWritten by:\u00a0Eric Benzekri, Laure Chichmanov, Anthony Gizel<br \/>\nOriginal Score:\u00a0Paul-Marie Barbier,\u00a0Julien Grunberg<\/strong><\/p>\n<p><strong>ZORRO (Season 1)<br \/>\nNorth American Premiere<br \/>\nSeries &#8211; Adventure, Action, Comedy, Romance\u00a0\u2013 Episodes 1 &amp; 2<br \/>\nDirected by:\u00a0Jean-Baptiste Saurel, \u00c9milie Noblet<br \/>\nCreated and Written by:\u00a0Benjamin Charbit, No\u00e9 Debr\u00e9, Emmanuel Poulain-Arnaud<br \/>\nOriginal Score:\u00a0Julie Rou\u00e9<\/strong><\/p>\n<p><strong>+ 12 <a href=\"https:\/\/archive.theamericanfrenchfilmfestival.org\/2024\/short-films-2024\/index.html\" target=\"_blank\" rel=\"noopener\">Short Films<\/a> in Competition<\/strong>[\/vc_column_text][\/vc_column][\/vc_row][vc_row][vc_column][vc_separator color=&#8221;custom&#8221; accent_color=&#8221;#004eef&#8221;][\/vc_column][\/vc_row]\n<\/div>","protected":false},"excerpt":{"rendered":"<p>[vc_row][vc_column][mk_padding_divider size=&#8221;20&#8243;][vc_column_text css=&#8221;.vc_custom_1738360741387{margin-bottom: 0px !important;}&#8221;] 2024 DELEGATION &amp; FILMS Check out the 2024 Edition website for a detailed presentation of the program.[\/vc_column_text][vc_separator color=&#8221;custom&#8221; accent_color=&#8221;#004eef&#8221;][mk_padding_divider size=&#8221;20&#8243;][\/vc_column][\/vc_row][vc_row][vc_column][vc_column_text css=&#8221;.vc_custom_1738200519902{margin-bottom: 0px !important;}&#8221;] DELEGATION [\/vc_column_text][mk_padding_divider size=&#8221;20&#8243;][\/vc_column][\/vc_row][vc_row][vc_column width=&#8221;1\/2&#8243;][vc_column_text css=&#8221;.vc_custom_1738199982821{margin-bottom: 0px !important;}&#8221;]Naomi Amarger \u2013 Director of Photography (in Paris) Christine Angot \u2013 Author, Writer, Director Jacques Audiard \u2013 Writer, Director Lisa Azuelos [&hellip;]<\/p>\n","protected":false},"author":4,"featured_media":0,"parent":9,"menu_order":0,"comment_status":"closed","ping_status":"closed","template":"","meta":{"footnotes":""},"class_list":["post-21172","page","type-page","status-publish","hentry"],"_links":{"self":[{"href":"https:\/\/theamericanfrenchfilmfestival.org\/wp-json\/wp\/v2\/pages\/21172","targetHints":{"allow":["GET"]}}],"collection":[{"href":"https:\/\/theamericanfrenchfilmfestival.org\/wp-json\/wp\/v2\/pages"}],"about":[{"href":"https:\/\/theamericanfrenchfilmfestival.org\/wp-json\/wp\/v2\/types\/page"}],"author":[{"embeddable":true,"href":"https:\/\/theamericanfrenchfilmfestival.org\/wp-json\/wp\/v2\/users\/4"}],"replies":[{"embeddable":true,"href":"https:\/\/theamericanfrenchfilmfestival.org\/wp-json\/wp\/v2\/comments?post=21172"}],"version-history":[{"count":9,"href":"https:\/\/theamericanfrenchfilmfestival.org\/wp-json\/wp\/v2\/pages\/21172\/revisions"}],"predecessor-version":[{"id":26334,"href":"https:\/\/theamericanfrenchfilmfestival.org\/wp-json\/wp\/v2\/pages\/21172\/revisions\/26334"}],"up":[{"embeddable":true,"href":"https:\/\/theamericanfrenchfilmfestival.org\/wp-json\/wp\/v2\/pages\/9"}],"wp:attachment":[{"href":"https:\/\/theamericanfrenchfilmfestival.org\/wp-json\/wp\/v2\/media?parent=21172"}],"curies":[{"name":"wp","href":"https:\/\/api.w.org\/{rel}","templated":true}]}}