{"id":17365,"date":"2024-07-17T05:04:34","date_gmt":"2024-07-17T05:04:34","guid":{"rendered":"https:\/\/theamericanfrenchfilmfestival.org\/?page_id=17365"},"modified":"2025-05-15T19:34:11","modified_gmt":"2025-05-15T19:34:11","slug":"once-upon-a-time-michel-legrand","status":"publish","type":"page","link":"https:\/\/theamericanfrenchfilmfestival.org\/once-upon-a-time-michel-legrand\/","title":{"rendered":"ONCE UPON A TIME MICHEL LEGRAND"},"content":{"rendered":"<div class=\"wpb-content-wrapper\">[vc_row][vc_column][mk_padding_divider][vc_column_text css=&#8221;.vc_custom_1727812307731{margin-bottom: 0px !important;}&#8221;]\n<h1 style=\"text-align: center;\">ONCE UPON A TIME MICHEL LEGRAND<\/h1>\n<h2 style=\"text-align: center;\">(Il \u00c9tait une fois Michel Legrand)<\/h2>\n<h2 style=\"text-align: center;\"><\/h2>\n[\/vc_column_text][mk_padding_divider size=&#8221;20&#8243;][vc_separator color=&#8221;custom&#8221; accent_color=&#8221;#ea1300&#8243;][\/vc_column][\/vc_row][vc_row][vc_column width=&#8221;1\/3&#8243;][vc_column_text css=&#8221;.vc_custom_1727397214545{margin-bottom: 0px !important;}&#8221;]\n<p style=\"text-align: center;\"><strong>CINEMA COMPETITION<br \/>\n<\/strong><strong>DOCUMENTARY PROGRAM<br \/>\n<\/strong>TRUFFAUT THEATRE<\/p>\n<p class=\"p2\" style=\"text-align: center;\"><span class=\"s2\">\u00a0<\/span><\/p>\n[\/vc_column_text][\/vc_column][vc_column width=&#8221;1\/3&#8243;][vc_column_text css=&#8221;.vc_custom_1727397272664{margin-bottom: 0px !important;}&#8221;]\n<p style=\"text-align: center;\"><strong>SUNDAY NOVEMBER 3<\/strong><br \/>\n11:05 am (Screening ends at 1:00 pm)<br \/>\n<strong>Followed by a conversation with writer\/director David Hertzog Dessite &amp; Producer Thierry de Clermont-Tonnerre <\/strong><\/p>\n[\/vc_column_text][mk_padding_divider size=&#8221;10&#8243;][\/vc_column][vc_column width=&#8221;1\/3&#8243;][vc_column_text css=&#8221;.vc_custom_1728248328696{margin-bottom: 0px !important;}&#8221;]\n<p class=\"p1\" style=\"text-align: center;\"><b>Presented in association with:<br \/>\n<\/b>Mediawan Rights<b><br \/>\n<\/b><\/p>\n[\/vc_column_text][\/vc_column][\/vc_row][vc_row][vc_column][mk_padding_divider size=&#8221;20&#8243;][vc_separator color=&#8221;custom&#8221; accent_color=&#8221;#ea1300&#8243;][\/vc_column][\/vc_row][vc_row][vc_column width=&#8221;1\/2&#8243;][vc_column_text css=&#8221;.vc_custom_1727197714447{margin-bottom: 0px !important;}&#8221;]<strong><span style=\"color: #ea1300;\">North American Premiere <\/span><\/strong>|\u00a0France |\u00a02024\u00a0|\u00a0Documentary, Musical |\u00a0109\u00a0min\u00a0|\u00a0In English, In French with English subtitles<\/p>\n<p><strong>Directed by: <\/strong>David Hertzog Dessites<br \/>\n<strong>Written by: <\/strong>David Hertzog Dessites, Willy Duraffourg<br \/>\n<strong>Produced by: <\/strong>Martine de Clermont-Tonnerre, Antoine de Clermont-Tonnerre &amp; \u00a0Thierry de Clermont-Tonnerre (MACT Productions), David Hertzog Dessites (Le Sous-Marin Productions), INA<br \/>\n<strong>Cinematography:\u00a0<\/strong>Nicolas Beauchamp, Riyad Cairat, Stan Olianker, Paul Olinger<br \/>\n<strong>Film Editing:<\/strong>\u00a0Margot Icher, Vincent Morvan, David Hertzog Dessites<br \/>\n<strong>Cast:<\/strong> Michel Legrand, Jacques Demy, Barbra Streisand, Oscar Peterson, Henri Mancini, Norman Jewinson, Sting, Steve Mc Queen, Isabelle Rondon, Macha M\u00e9ril Legrand, Jean-Paul Rappeneau, Claude Lelouch, \u00c9lie Chouraqui, Claude Nougaro, Quincy Jones, Jean-Luc Godard, Agn\u00e8s Varda, Rosalie Varda, Laurent Perez Del Mar, Gabriel Yared, Philippe Rombi, Jacques Perrin, Elliott Gould, Jason Gould, St\u00e9phane Lerouge, Stan Getz, Costa Gavras, Maurice Chevalier, Dani\u00e8le Thompson, Catherine Deneuve<br \/>\n<strong>International Sales: <\/strong>Mediawan Rights<\/p>\n<p style=\"text-align: justify;\">The indomitable, ebullient presence of the great Michel Legrand fills every frame of this freewheeling portrait of the legendary 20th century musician and film composer. But it&#8217;s, of course, the film&#8217;s jazzy, effusive soundtrack that truly recounts the journey of a man who left an indelible mark on both music and world cinema. From <em>The Umbrellas of Cherbourg<\/em> to <em>The Thomas Crown Affair<\/em> to <em>Yentl<\/em>, from French New Wave composer to the toast of Hollywood with three Oscars to his name, the film charts the course of a brilliant career and of an extraordinary artist, right up to and including his exceptionally moving final performance. Brimming with endless up-close-and-personal moments with the composer himself and interviews with countless collaborators, <strong><em>Once Upon a Time: Michel Legrand<\/em><\/strong> is an intimate portrait of a genuine maestro and an absolute joy to behold. Prepare to be smitten!<\/p>\n<p>Producer-Director <strong>David Hertzog Dessites<\/strong> was born in Cannes, where, at 20, he actually had a job sweeping the red carpet he would ascend in 2024, to present his newest film, <strong><em>Once Upon a Time: Michel Legrand<\/em><\/strong>, as part of this year&#8217;s Cannes Classics official selection. Between then and now, Dessites has worn several film industry hats \u2014 as camera operator and directing and producing some 60 shorts and &#8220;making of&#8221; docs from 2002 to the present. He directed an episode of the TV series <em>Le cas de l&#8217;oncle Doc<\/em> (2011), and the documentaries <em>De l&#8217;ombre \u00e0 la lumi\u00e8re<\/em> (2011), <em>Dans les coulisses d&#8217;Ennio Morricone<\/em> (2016), <em>Mexique Etat d&#8217;Urgence<\/em> (2017), and <em>3 jours \u00e0 vivre<\/em> (2023).[\/vc_column_text][\/vc_column][vc_column width=&#8221;1\/2&#8243;][mk_image src=&#8221;https:\/\/theamericanfrenchfilmfestival.org\/wp-content\/uploads\/2024\/09\/once-upon-a-time-michel-legrand_poster-aida-a.jpg&#8221; image_size=&#8221;full&#8221; frame_style=&#8221;gray_border&#8221; align=&#8221;center&#8221;][\/vc_column][\/vc_row][vc_row][vc_column][vc_column_text]\n[\/vc_column_text][\/vc_column][\/vc_row]\n<\/div>","protected":false},"excerpt":{"rendered":"<p>[vc_row][vc_column][mk_padding_divider][vc_column_text css=&#8221;.vc_custom_1727812307731{margin-bottom: 0px !important;}&#8221;] ONCE UPON A TIME MICHEL LEGRAND (Il \u00c9tait une fois Michel Legrand) [\/vc_column_text][mk_padding_divider size=&#8221;20&#8243;][vc_separator color=&#8221;custom&#8221; accent_color=&#8221;#ea1300&#8243;][\/vc_column][\/vc_row][vc_row][vc_column width=&#8221;1\/3&#8243;][vc_column_text css=&#8221;.vc_custom_1727397214545{margin-bottom: 0px !important;}&#8221;] CINEMA COMPETITION DOCUMENTARY PROGRAM TRUFFAUT THEATRE \u00a0 [\/vc_column_text][\/vc_column][vc_column width=&#8221;1\/3&#8243;][vc_column_text css=&#8221;.vc_custom_1727397272664{margin-bottom: 0px !important;}&#8221;] SUNDAY NOVEMBER 3 11:05 am (Screening ends at 1:00 pm) Followed by a conversation with writer\/director David Hertzog Dessite [&hellip;]<\/p>\n","protected":false},"author":4,"featured_media":0,"parent":0,"menu_order":0,"comment_status":"closed","ping_status":"closed","template":"","meta":{"footnotes":""},"class_list":["post-17365","page","type-page","status-publish","hentry"],"_links":{"self":[{"href":"https:\/\/theamericanfrenchfilmfestival.org\/wp-json\/wp\/v2\/pages\/17365","targetHints":{"allow":["GET"]}}],"collection":[{"href":"https:\/\/theamericanfrenchfilmfestival.org\/wp-json\/wp\/v2\/pages"}],"about":[{"href":"https:\/\/theamericanfrenchfilmfestival.org\/wp-json\/wp\/v2\/types\/page"}],"author":[{"embeddable":true,"href":"https:\/\/theamericanfrenchfilmfestival.org\/wp-json\/wp\/v2\/users\/4"}],"replies":[{"embeddable":true,"href":"https:\/\/theamericanfrenchfilmfestival.org\/wp-json\/wp\/v2\/comments?post=17365"}],"version-history":[{"count":19,"href":"https:\/\/theamericanfrenchfilmfestival.org\/wp-json\/wp\/v2\/pages\/17365\/revisions"}],"predecessor-version":[{"id":22038,"href":"https:\/\/theamericanfrenchfilmfestival.org\/wp-json\/wp\/v2\/pages\/17365\/revisions\/22038"}],"wp:attachment":[{"href":"https:\/\/theamericanfrenchfilmfestival.org\/wp-json\/wp\/v2\/media?parent=17365"}],"curies":[{"name":"wp","href":"https:\/\/api.w.org\/{rel}","templated":true}]}}