{"id":15431,"date":"2023-12-07T23:48:58","date_gmt":"2023-12-07T23:48:58","guid":{"rendered":"https:\/\/theamericanfrenchfilmfestival.org\/?page_id=15431"},"modified":"2024-02-14T18:45:21","modified_gmt":"2024-02-14T18:45:21","slug":"archives-2023-index-html","status":"publish","type":"page","link":"https:\/\/theamericanfrenchfilmfestival.org\/about-us\/archives-2023-index-html\/","title":{"rendered":"2023 TAFFF Edition"},"content":{"rendered":"<div class=\"wpb-content-wrapper\">[vc_row][vc_column][mk_padding_divider size=&#8221;20&#8243;][vc_column_text css=&#8221;.vc_custom_1702538748933{margin-bottom: 0px !important;}&#8221;]\n<h2>2023 FILMS<\/h2>\n<p>Check out the <a href=\"https:\/\/archive.theamericanfrenchfilmfestival.org\/2023\/index.html\" target=\"_blank\" rel=\"noopener\">2023 Edition website<\/a> for a detailed presentation of the program[\/vc_column_text][vc_separator color=&#8221;custom&#8221; accent_color=&#8221;#004eef&#8221;][mk_padding_divider size=&#8221;20&#8243;][\/vc_column][\/vc_row][vc_row][vc_column][vc_column_text css=&#8221;.vc_custom_1701994534389{margin-bottom: 0px !important;}&#8221;]\n<h3><span style=\"color: #660084;\">FILMS &amp; SERIES\u00a0<\/span><\/h3>\n[\/vc_column_text][mk_padding_divider][\/vc_column][\/vc_row][vc_row][vc_column][vc_row_inner][vc_column_inner width=&#8221;1\/2&#8243;][vc_column_text css=&#8221;.vc_custom_1701994507276{margin-bottom: 0px !important;}&#8221;]\n<h4>CINEMA<\/h4>\n<p><strong>A DIFFICULT YEAR\u00a0(Une ann\u00e9e difficile)<\/strong><br \/>\nComedy<br \/>\nNorth American Premiere<br \/>\nWritten and Directed by:\u00a0Olivier Nakache, \u00c9ric Toledano<br \/>\nOriginal Score: Pascal Langagne<\/p>\n<p><strong>ABBE PIERRE \u2013 A CENTURY OF DEVOTION (L\u2019 Abb\u00e9 Pierre, une vie de combats)<\/strong><br \/>\nBiopic, Drama<br \/>\nNorth American Premiere<br \/>\nDirected by: Fr\u00e9d\u00e9ric Tellier<br \/>\nWritten by: Fr\u00e9d\u00e9ric Tellier, Olivier Gorce<br \/>\nOriginal Score: Bryce Dessner<\/p>\n<p><strong>ALL TO PLAY FOR (Rien \u00e0 perdre)<\/strong><br \/>\nDrama<br \/>\nWest Coast Premiere<br \/>\nDirected by: Delphine Deloget<br \/>\nWritten by: Delphine Deloget, Camille Fontaine, Olivier Demangel<br \/>\nOriginal Score: Nicolas Giraud<\/p>\n<p><strong>ALL YOUR FACES (Je verrai toujours vos visages)<\/strong><br \/>\nDrama<br \/>\nNorth American Premiere<br \/>\nDirected by: Jeanne Herry<br \/>\nWritten by: Jeanne Herry<br \/>\nOriginal Score: Pascal Sangla<\/p>\n<p><strong>ANATOMY OF A FALL (Anatomie d\u2019une chute)<\/strong><br \/>\nDrama, Thriller<br \/>\nSpecial Screening<br \/>\nDirected by: Justine Triet<br \/>\nWritten by: Justine Triet, Arthur Harari<\/p>\n<p><strong>GRAND EXPECTATIONS (De Grandes esp\u00e9rances)<\/strong><br \/>\nThriller, Drama<br \/>\nNorth American Premiere<br \/>\nDirected by: Sylvain Desclous<br \/>\nWritten by: Sylvain Desclous, Pierre Erwan Guillaume, Olivier Lorelle, Rapha\u00ebl Chev\u00e8nement<br \/>\nOriginal Score: Florencia Di Concilio<\/p>\n<p><strong>JUST THE TWO OF US (L\u2019Amour et les for\u00eats)<\/strong><br \/>\nDrama, Thriller<br \/>\nNorth American Premiere<br \/>\nDirected by: Val\u00e9rie Donzelli<br \/>\nWritten by: Val\u00e9rie Donzelli, Audrey Diwan<br \/>\nBased on the Book by: \u00c9ric Reinhardt<br \/>\nOriginal Score: Gabriel Yared<\/p>\n<p><strong>KING OF KINGS: CHASING EDWARD JONES<\/strong><br \/>\nDocumentary<br \/>\nSpecial Presentation<br \/>\nDirected by: Harriet Marin Jones<br \/>\nWritten by: Harriet Marin Jones, Giles Gardner, Michel Fessler<br \/>\nOriginal Score: Philippe Kelly<\/p>\n<p><strong>LA SYNDICALISTE<\/strong><br \/>\nDrama, Thriller<br \/>\nWest Coast Premiere<br \/>\nDirected by: Jean-Paul Salom\u00e9<br \/>\nWritten by: Fadette Drouard, Jean-Paul Salom\u00e9<br \/>\nBased on the book by: Caroline Michel-Aguirre<br \/>\nOriginal Score: Bruno Coulais<\/p>\n<p><strong>MARGUERITE\u2019S THEOREM (Le Th\u00e9or\u00e8me de Marguerite)<\/strong><br \/>\nDrama, Romance<br \/>\nNorth American Premiere<br \/>\nDirected by: Anna Novion<br \/>\nWritten by: Anna Novion, Mathieu Robin, Agn\u00e8s Feuvre, Marie-St\u00e9phane Imbert<br \/>\nOriginal Score: Pascal Bideau<\/p>\n<p><strong>MARINETTE<\/strong><br \/>\nBiopic, Drama<br \/>\nWest Coast Premiere<br \/>\nWritten and Directed by:\u00a0Virginie Verrier<br \/>\nBased on the Book by: Marinette Pichon<br \/>\nOriginal Score: Jean-Fabien Dijoud<\/p>\n<p><strong>MY SOLE DESIRE (\u00c0 mon seul d\u00e9sir)<\/strong><br \/>\nDrama<br \/>\nLos Angeles Premiere<br \/>\nDirected by: Lucie Borleteau<br \/>\nWritten by: Lucie Borleteau, Clara Bourreau, Laure Giappiconi<br \/>\nOriginal Score: Pierre Desprats, Rebeka Warrior<\/p>\n<p><strong>ON THE ADAMANT (Sur l\u2019Adamant)<\/strong><br \/>\nDocumentaire<br \/>\nWest Coast Premiere<br \/>\nDirected by: Nicolas Philibert<br \/>\nWritten by: Nicolas Philibert<\/p>\n<p><strong>SEVEN WINTERS IN TEHRAN (Sept hivers a T\u00e9h\u00e9ran)<\/strong><br \/>\nDocumentary<br \/>\nWest Coast Premiere<br \/>\nDirected by: Steffi Niederzoll<br \/>\nWritten by: Steffi Niederzoll, Sina Ataeian Dena<br \/>\nOriginal Score: Flemming Nordkrog<\/p>\n<p><strong>THE BRAID (La Tresse)<\/strong><br \/>\nDrama<br \/>\nU.S. Premiere<br \/>\nDirected by: Laetitia Colombani<br \/>\nWritten by: Laetitia Colombani, Sarah Kaminsky<br \/>\nBased on a Novel by: Laetitia Colombani<br \/>\nOriginal Score:\u00a0Ludovic Eidauni<\/p>\n<p><strong>THE CRIME IS MINE (Mon crime)<\/strong><br \/>\nComedy, Drama<br \/>\nLos Angeles Premiere<br \/>\nDirected by: Fran\u00e7ois Ozon<br \/>\nWritten by: Fran\u00e7ois Ozon, Philippe Piazzo<br \/>\nBased on the Novel by: Louis Verneuil, George Berr<br \/>\nOriginal Score: Philippe Rombi<\/p>\n<p><strong>THE DREAMER (L\u2019Homme d\u2019argile)<\/strong><br \/>\nDrama, Comedy, Romance<br \/>\nNorth American Premiere<br \/>\nWritten and directed by: Ana\u00efs Tellenne<br \/>\nOriginal Score: Amaury Chabauty<\/p>\n<p><strong>THE EDGE OF THE BLADE (Une affaire d\u2019honneur)<\/strong><br \/>\nDrama, Action<br \/>\nNorth American Premiere<br \/>\nDirected by: Vincent Perez<br \/>\nWritten by: Vincent Perez, Karine Silla<br \/>\nOriginal Score: Evgueni &amp; Sacha Galperine<\/p>\n<p><strong>THE GOLDMAN CASE (Le Proc\u00e8s Goldman)<\/strong><br \/>\nDrama<br \/>\nNorth American Premiere<br \/>\nDirected by: C\u00e9dric Kahn<br \/>\nWritten by: C\u00e9dric Kahn, Nathalie Hertzberg<\/p>\n<p><strong>THE MIDWIFE (Sage-homme)<\/strong><br \/>\nComedy, Drama<br \/>\nNorth American Premiere<br \/>\nDirected by:\u00a0Jennifer Devold\u00e8re<br \/>\nWritten by: Jennifer Devold\u00e8re, C\u00e9cile Sellam<br \/>\nOriginal Score: Dim Sum[\/vc_column_text][\/vc_column_inner][vc_column_inner width=&#8221;1\/2&#8243;][mk_padding_divider size=&#8221;20&#8243;][vc_column_text css=&#8221;.vc_custom_1701994655374{margin-bottom: 0px !important;}&#8221;]<strong>THE NATURE OF LOVE (Simple comme Sylvain)<\/strong><br \/>\nComedy, Romance<br \/>\nLos Angeles Premiere<br \/>\nDirected by: Monia Chokri<br \/>\nWritten by: Monia Chokri<br \/>\nOriginal Score:\u00a0\u00c9mile Sornin<\/p>\n<p><strong>THE THREE MUSKEETERS: D\u2019ARTAGNAN (Les Trois mousquetaires: d\u2019Artagnan)<\/strong><br \/>\nAdventure, Action<br \/>\nUS Premiere<br \/>\nDirected by: Martin Bourboulon<br \/>\nWritten by: Matthieu Delaporte, Alexandre De La Patteli\u00e8re<br \/>\nBased on the Novel by: Alexandre Dumas<br \/>\nOriginal Score: Guillaume Roussel<\/p>\n<p><strong>UNTIL TOMORROW (Ta Farda \/ Juste une nuit)<\/strong><br \/>\nDrama<br \/>\nLos Angeles Premiere<br \/>\nDirected by:\u00a0Ali Asgari<br \/>\nWritten by: Ali Asgari, Alireza Khatami<br \/>\nOriginal Score: Ali Birang<\/p>\n<p><strong>VISIONS<br \/>\n<\/strong>Thriller, Film Noir, Fantasy<br \/>\nNorth American Premiere<br \/>\nDirected by: Yann Gozlan<br \/>\nWritten by: Yann Gozlan, Michel Fessler, Aur\u00e9lie Valat, Jean-Baptiste Delafon, Audrey Diwan<br \/>\nOriginal Score: Philippe Rombi<\/p>\n<h4>SERIES<\/h4>\n<p><strong>BARDOT\u00a0 Season 1<\/strong><br \/>\nBiopic, Drama<br \/>\nNorth American Premiere<br \/>\nWritten and Directed by: Dani\u00e8le and Christopher Thompson<br \/>\nOriginal Score: Arthur Simonini<\/p>\n<p><strong>CLASS ACT (Tapie) Season 1<\/strong><br \/>\nBiopic, Drama<br \/>\nSpecial Screening<br \/>\nDirected by:\u00a0Tristan S\u00e9gu\u00e9la<br \/>\nWritten by: Olivier Demangel, Tristan S\u00e9gu\u00e9la, Thomas Finkielkraut, Jean-Baptiste Delafon, Cl\u00e9mence Madeleine-Perdrillat, Alix Delaporte<br \/>\nOriginal Score:\u00a0Amine Bouhafa<\/p>\n<p><strong>CONVICTION (66-5) Season 1<\/strong><br \/>\nThriller, Drama<br \/>\nInternational Premiere<br \/>\nDirected by: Danielle Arbid, Keren Ben Rafael<br \/>\nCreated by: Anne Landois<br \/>\nWritten by: Anne Landois, Audrey Fouch\u00e9, \u00c9lise Benroubi, Simon Jablonka, Rachid Santaki, Laurent Mercier, Nacim Mehtar, Sonia Emamzadeh, Hada Korera<br \/>\nOriginal Score: Grandbrothers<\/p>\n<p><strong>EVERYTHING IS WELL (Tout va bien) Season 1<\/strong><br \/>\nDrama, Comedy<br \/>\nWorld Premiere<br \/>\nDirected by:\u00a0\u00c9ric Rochant, Audrey Estrougo, Xavier Legrand, Cathy Verney,<br \/>\nCreated by: Camille de Castelneau<br \/>\nWritten by:\u00a0Camille de Castelneau, Benjamin Adam, Ga\u00eblle Bellan, Christophe R\u00e9gin<\/p>\n<p><strong>HAVEN OF GRACE (De Gr\u00e2ce) Season 1<\/strong><br \/>\nThriller, Drama<br \/>\nNorth American Premiere<br \/>\nDirected by: Vincent Ma\u00ebl Cardona<br \/>\nCreated by: Maxime Crupaux, Baptiste Fillon<br \/>\nWritten by: Maxime Crupaux, Baptiste Fillon, Sylvie Chanteux, Malisone Bovorasmy<br \/>\nOriginal Score: Maxence Duss\u00e8re<\/p>\n<p><strong>KILLER COASTER\u00a0 Season 1<\/strong><br \/>\nComedy, Thriller<br \/>\nSpecial Screening<br \/>\nDirected by:\u00a0Nikola Lange<br \/>\nCreated and Written by: Nikola Lange, Thomas Mansuy<br \/>\nOriginal Score:\u00a0Robin Couderc<\/p>\n<p><strong>LAMBERT VS. LAMBERT: OVER HIS DEAD BODY\u00a0 Mini-Series (4 episodes)<br \/>\n(Lambert contre Lambert: au nom de Vincent)\u00a0<\/strong><br \/>\nDocumentary<br \/>\nSpecial Presentation<br \/>\nDirected by:\u00a0\u00c9lodie Buzuel, Vincent Trisolini<br \/>\nCreated by: \u00c9lodie Buzuel<\/p>\n<p><strong>SEX (RE)EDUCATION (Septi\u00e8me ciel) Season 1<\/strong><br \/>\nComedy, Romance<br \/>\nNorth American Premiere<br \/>\nDirected by: Alice Vial<br \/>\nCreated by: Cl\u00e9mence Azincourt, Alice Vial<br \/>\nWritten by: Cl\u00e9mence Azincourt, Alice Vial, Cl\u00e9ment Marchand<br \/>\nOriginal Score: Pierre-Antoine Durand<\/p>\n<p><strong>SPLIT\u00a0 Season 1<\/strong><br \/>\nDrama, Romance<br \/>\nNorth American Premiere<br \/>\nDirected by: Iris Brey<br \/>\nCreated by: Iris Brey<br \/>\nWritten by: Iris Brey, Cl\u00e9mence Madeleine-Perdrillat<br \/>\nOriginal Score: Maud Geffray, Rebeka Warrior<\/p>\n<p><strong>UNDER CONTROL (Sous Contr\u00f4le) Season 1<\/strong><br \/>\nComedy<br \/>\nNorth American Premiere<br \/>\nDirected by: Erwan Le Duc<br \/>\nCreated by: Charly Delwart<br \/>\nWritten by: Charly Delwart, Benjamin Charbit<br \/>\nOriginal Score: Julie Rou\u00e9<\/p>\n<h4>TV MOVIES<\/h4>\n<p><strong>BREAKING THE SILENCE (Apr\u00e8s le silence)<\/strong><br \/>\nDrama<br \/>\nNorth American Premiere<br \/>\nDirected by: J\u00e9r\u00f4me Cornuau<br \/>\nWritten by: Rapha\u00eblle Roudaut<br \/>\nOriginal Score: David Menke<\/p>\n<p><strong>CHEERS TO JOY (\u00c0 la joie)<\/strong><br \/>\nDrama, Romance<br \/>\nInternational Premiere<br \/>\nWritten and Directed by:\u00a0J\u00e9r\u00f4me Bonnell<br \/>\nOriginal Score:\u00a0David Sztanke<\/p>\n<p><strong>THE STORY OF ANNETTE ZELMAN (L\u2019Histoire d\u2019Annette Zelman)<\/strong><br \/>\nDrama, Biopic<br \/>\nWest Coast Premiere<br \/>\nDirected by: Philippe Le Guay<br \/>\nWritten by: Emmanuel Salinger, Laurent Joly<br \/>\nOriginal Score: Bruno Coulais<\/p>\n<p><strong>THE BEAUTIFUL SPARK (La Belle \u00e9tincelle)<\/strong><br \/>\nDrama, Comedy, Romance<br \/>\nNorth American Premiere<br \/>\nDirected by: Herv\u00e9 Mimran<br \/>\nWritten by: B\u00e9atrice Fournera, Caroline Franc, Herv\u00e9 Mimran<br \/>\nOriginal Score: Audrey Isma\u00ebl, Olivier Coursier<\/p>\n<h4>SHORT FILMS<\/h4>\n<p>Click [here] for the whole program (Lien vers la page shorts archives)[\/vc_column_text][\/vc_column_inner][\/vc_row_inner][vc_separator color=&#8221;custom&#8221; accent_color=&#8221;#004eef&#8221;][\/vc_column][\/vc_row]\n<\/div>","protected":false},"excerpt":{"rendered":"<p>[vc_row][vc_column][mk_padding_divider size=&#8221;20&#8243;][vc_column_text css=&#8221;.vc_custom_1702538748933{margin-bottom: 0px !important;}&#8221;] 2023 FILMS Check out the 2023 Edition website for a detailed presentation of the program[\/vc_column_text][vc_separator color=&#8221;custom&#8221; accent_color=&#8221;#004eef&#8221;][mk_padding_divider size=&#8221;20&#8243;][\/vc_column][\/vc_row][vc_row][vc_column][vc_column_text css=&#8221;.vc_custom_1701994534389{margin-bottom: 0px !important;}&#8221;] FILMS &amp; SERIES\u00a0 [\/vc_column_text][mk_padding_divider][\/vc_column][\/vc_row][vc_row][vc_column][vc_row_inner][vc_column_inner width=&#8221;1\/2&#8243;][vc_column_text css=&#8221;.vc_custom_1701994507276{margin-bottom: 0px !important;}&#8221;] CINEMA A DIFFICULT YEAR\u00a0(Une ann\u00e9e difficile) Comedy North American Premiere Written and Directed by:\u00a0Olivier Nakache, \u00c9ric Toledano Original Score: Pascal Langagne [&hellip;]<\/p>\n","protected":false},"author":4,"featured_media":0,"parent":9,"menu_order":0,"comment_status":"closed","ping_status":"closed","template":"","meta":{"footnotes":""},"class_list":["post-15431","page","type-page","status-publish","hentry"],"_links":{"self":[{"href":"https:\/\/theamericanfrenchfilmfestival.org\/wp-json\/wp\/v2\/pages\/15431","targetHints":{"allow":["GET"]}}],"collection":[{"href":"https:\/\/theamericanfrenchfilmfestival.org\/wp-json\/wp\/v2\/pages"}],"about":[{"href":"https:\/\/theamericanfrenchfilmfestival.org\/wp-json\/wp\/v2\/types\/page"}],"author":[{"embeddable":true,"href":"https:\/\/theamericanfrenchfilmfestival.org\/wp-json\/wp\/v2\/users\/4"}],"replies":[{"embeddable":true,"href":"https:\/\/theamericanfrenchfilmfestival.org\/wp-json\/wp\/v2\/comments?post=15431"}],"version-history":[{"count":11,"href":"https:\/\/theamericanfrenchfilmfestival.org\/wp-json\/wp\/v2\/pages\/15431\/revisions"}],"predecessor-version":[{"id":15816,"href":"https:\/\/theamericanfrenchfilmfestival.org\/wp-json\/wp\/v2\/pages\/15431\/revisions\/15816"}],"up":[{"embeddable":true,"href":"https:\/\/theamericanfrenchfilmfestival.org\/wp-json\/wp\/v2\/pages\/9"}],"wp:attachment":[{"href":"https:\/\/theamericanfrenchfilmfestival.org\/wp-json\/wp\/v2\/media?parent=15431"}],"curies":[{"name":"wp","href":"https:\/\/api.w.org\/{rel}","templated":true}]}}