{"id":1394,"date":"2018-02-10T00:58:10","date_gmt":"2018-02-10T00:58:10","guid":{"rendered":"http:\/\/dev.theamericanfrenchfilmfestival.org\/?page_id=1394"},"modified":"2021-03-08T20:24:30","modified_gmt":"2021-03-08T20:24:30","slug":"steak-r-evolution","status":"publish","type":"page","link":"https:\/\/theamericanfrenchfilmfestival.org\/2022-winners\/2015-awards\/steak-r-evolution\/","title":{"rendered":"STEAK (R) EVOLUTION"},"content":{"rendered":"<div class=\"wpb-content-wrapper\">[vc_row][vc_column][mk_padding_divider size=&#8221;20&#8243;][vc_column_text css=&#8221;.vc_custom_1518287358037{margin-bottom: 0px !important;}&#8221;]\n<h2><strong>STEAK (R) EVOLUTION<\/strong><\/h2>\n[\/vc_column_text][mk_padding_divider size=&#8221;20&#8243;][\/vc_column][\/vc_row][vc_row][vc_column width=&#8221;1\/2&#8243;][vc_column_text css=&#8221;.vc_custom_1518224211589{margin-bottom: 0px !important;}&#8221;]<strong>West Coast Premiere \u2022 Documentary \u2022 France, 2014<\/strong><\/p>\n<p>DCP \u2022 16:9 \u2022 Dolby 5.1 \u2022 Color \u2022 110 min<\/p>\n<p><strong>Directed by<\/strong>: Frank Ribi\u00e8re<\/p>\n<p><strong>Written by<\/strong>: Franck Ribi\u00e8re, V\u00e9rane Fr\u00e9diani<br \/>\n<strong>Cinematography<\/strong>: Frank Ribi\u00e8re<br \/>\n<strong>Film Editing<\/strong>: V\u00e9rane Fr\u00e9diani<br \/>\n<strong>Original Score<\/strong>: Eric Jeanne<br \/>\n<strong>Produced by<\/strong>: V\u00e9rane Fr\u00e9diani (La Ferme production)<br \/>\n<strong>Coproduced by<\/strong>: C productions<br \/>\n<strong>Cast<\/strong>: Yves-Marie Le Bourdonnec (himself), Frank Ribi\u00e8re (himself)<strong><br \/>\n<\/strong><strong>International Sales<\/strong>: Jour2Fete<br \/>\n<strong>US Distributor<\/strong>: Kino Lorber<\/p>\n<p>The stakes are clear when documentarian Franck Ribi\u00e8re and preeminent Parisien butcher Yves-Marie Le Bourdonnec set off on a journey around the world to reveal what it takes to make the cut in the evolving marketplace of ultra high-end beef. Our two bons vivants visit the newest players in the industry, from Argentina to the famous Kobe ranches in Japan \u2013 where cattle are massaged in Saki to the soothing sounds of classical music \u2013 ranking their steakhouse Top Ten as they go. This engrossing and unapologetic search for the meat-eater\u2019s holy grail fills the screen with enough sizzling porterhouse porn to leave herbivores weak at the knees. But Ribi\u00e8re, whose family raises prized Charolais cattle, is careful to remind us what it takes to manage livestock responsibly in the age of mass food production, and to show that those world-class cuts are not only the result of highly passionate chefs, but also the most humane ranching practices.<\/p>\n<p>Writer\/director\u00a0<strong>Franck Ribi\u00e8re<\/strong>\u00a0began his film career producing documentaries. After leading a film subsidiary of Hachette Filipacchi Medias, Ribi\u00e8re partnered with writer\/producer V\u00e9rane Fr\u00e9diani to create La Fabrique de Films and Ferme Productions to distribute and produce feature films. They established a reputation in the horror genre producing pictures such as\u00a0<em>Inside<\/em>\u00a0(2007), and\u00a0<em>Witching &amp; Bitching<\/em>\u00a0(2013). This is Ribi\u00e8re\u2019s first feature length film as a director. A companion book has been published in conjunction with the documentary\u2019s French release,\u00a0<em>Steak (r)\u00e9volution: A la recherche du meilleur steack du monde<\/em>, co-written by Ribi\u00e8re and V\u00e9rane Fr\u00e9diani.<\/p>\n<p>Quotes:<\/p>\n<p>\u201cAn absorbing, and often enlightening, quest for the world\u2019s greatest sirloin.\u201d<br \/>\n\u2013 Jordan Mintzer HOLLYWOOD REPORTER<\/p>\n<p>\u201c \u2026 a beautiful gastronomic and philosophical stroll\u201d<br \/>\n&#8211; Sandrine Marques LE MONDE<\/p>\n<p>&nbsp;<\/p>\n[\/vc_column_text][\/vc_column][vc_column width=&#8221;1\/2&#8243;][mk_image src=&#8221;http:\/\/dev.theamericanfrenchfilmfestival.org\/wp-content\/uploads\/2018\/02\/colcoa-doc.jpg&#8221; image_size=&#8221;full&#8221; target=&#8221;_blank&#8221;][mk_image src=&#8221;http:\/\/dev.theamericanfrenchfilmfestival.org\/wp-content\/uploads\/2018\/02\/steak.jpg&#8221; image_size=&#8221;full&#8221; target=&#8221;_blank&#8221; margin_bottom=&#8221;30&#8243;][mk_image heading_title=&#8221;IN ASSOCIATION WITH&#8221; src=&#8221;http:\/\/dev.theamericanfrenchfilmfestival.org\/wp-content\/uploads\/2018\/02\/kino-lorber-1.jpg&#8221; image_size=&#8221;full&#8221; target=&#8221;_blank&#8221; margin_bottom=&#8221;30&#8243;][\/vc_column][\/vc_row]\n<\/div>","protected":false},"excerpt":{"rendered":"<p>[vc_row][vc_column][mk_padding_divider size=&#8221;20&#8243;][vc_column_text css=&#8221;.vc_custom_1518287358037{margin-bottom: 0px !important;}&#8221;] STEAK (R) EVOLUTION [\/vc_column_text][mk_padding_divider size=&#8221;20&#8243;][\/vc_column][\/vc_row][vc_row][vc_column width=&#8221;1\/2&#8243;][vc_column_text css=&#8221;.vc_custom_1518224211589{margin-bottom: 0px !important;}&#8221;]West Coast Premiere \u2022 Documentary \u2022 France, 2014 DCP \u2022 16:9 \u2022 Dolby 5.1 \u2022 Color \u2022 110 min Directed by: Frank Ribi\u00e8re Written by: Franck Ribi\u00e8re, V\u00e9rane Fr\u00e9diani Cinematography: Frank Ribi\u00e8re Film Editing: V\u00e9rane Fr\u00e9diani Original Score: Eric Jeanne Produced by: [&hellip;]<\/p>\n","protected":false},"author":4,"featured_media":0,"parent":660,"menu_order":0,"comment_status":"closed","ping_status":"closed","template":"","meta":{"footnotes":""},"class_list":["post-1394","page","type-page","status-publish","hentry"],"_links":{"self":[{"href":"https:\/\/theamericanfrenchfilmfestival.org\/wp-json\/wp\/v2\/pages\/1394","targetHints":{"allow":["GET"]}}],"collection":[{"href":"https:\/\/theamericanfrenchfilmfestival.org\/wp-json\/wp\/v2\/pages"}],"about":[{"href":"https:\/\/theamericanfrenchfilmfestival.org\/wp-json\/wp\/v2\/types\/page"}],"author":[{"embeddable":true,"href":"https:\/\/theamericanfrenchfilmfestival.org\/wp-json\/wp\/v2\/users\/4"}],"replies":[{"embeddable":true,"href":"https:\/\/theamericanfrenchfilmfestival.org\/wp-json\/wp\/v2\/comments?post=1394"}],"version-history":[{"count":4,"href":"https:\/\/theamericanfrenchfilmfestival.org\/wp-json\/wp\/v2\/pages\/1394\/revisions"}],"predecessor-version":[{"id":1401,"href":"https:\/\/theamericanfrenchfilmfestival.org\/wp-json\/wp\/v2\/pages\/1394\/revisions\/1401"}],"up":[{"embeddable":true,"href":"https:\/\/theamericanfrenchfilmfestival.org\/wp-json\/wp\/v2\/pages\/660"}],"wp:attachment":[{"href":"https:\/\/theamericanfrenchfilmfestival.org\/wp-json\/wp\/v2\/media?parent=1394"}],"curies":[{"name":"wp","href":"https:\/\/api.w.org\/{rel}","templated":true}]}}