{"id":1348,"date":"2018-02-09T22:25:09","date_gmt":"2018-02-09T22:25:09","guid":{"rendered":"http:\/\/dev.theamericanfrenchfilmfestival.org\/?page_id=1348"},"modified":"2026-02-20T00:03:12","modified_gmt":"2026-02-20T00:03:12","slug":"the-bureau-season-2","status":"publish","type":"page","link":"https:\/\/theamericanfrenchfilmfestival.org\/2022-winners\/awards\/the-bureau-season-2\/","title":{"rendered":"THE BUREAU \u2013 SEASON 2"},"content":{"rendered":"<div class=\"wpb-content-wrapper\">[vc_row][vc_column][mk_padding_divider size=&#8221;20&#8243;][vc_column_text css=&#8221;.vc_custom_1518215020344{margin-bottom: 0px !important;}&#8221;]\n<h2><strong>THE BUREAU \u2013 SEASON 2 \/ <\/strong>Le Bureau des L\u00e9gendes<\/h2>\n[\/vc_column_text][mk_padding_divider size=&#8221;20&#8243;][\/vc_column][\/vc_row][vc_row][vc_column width=&#8221;1\/2&#8243;][vc_column_text css=&#8221;.vc_custom_1518552960879{margin-bottom: 0px !important;}&#8221;]\n<div id=\"main\">\n<p><strong>International Premiere \u2022 TV series \u2022 Drama, Espionnage \u2022 France, 2015 \u2013<\/strong><\/p>\n<p>Blu-ray \u2022 Color \u2022 Season 2 \u2022 2 x 52 min<\/p>\n<p><strong>Directed by<\/strong>: Eric Rochant (episodes 2.1, 2.2)<br \/>\n<strong>Written by<\/strong>: Eric Rochant, Camille de Castelnau, C\u00e9cile Ducrocq, Rapha\u00ebl Chev\u00e8nement.<br \/>\n<strong>Developed by<\/strong>: Eric Rochant<br \/>\n<strong>Produced by<\/strong>: Alex Burger<br \/>\n<strong>Cast<\/strong>: Mathieu Kassovitz (Guillaume Debailly a.k.a. Malotru), Jean-Pierre Darroussin (Duflot), L\u00e9a Drucker (Balmes), Sara Giraudeau (Marina), Moe Bar-El (Shapur Zamani), Brad Leland (YouKnowWho)<br \/>\n<strong>International Sales<\/strong>: F\u00e9d\u00e9ration<br \/>\n<strong>U.S. distributor<\/strong>: Kino Lorber<\/p>\n<p><strong>Broadcast date<\/strong>: Spring 2016, Canal +<\/p>\n<p>In this high-profile Canal + production, director Eric Rochant (<em>M\u00f6bius<\/em>, COLCOA 2013) immerses us in the daily dramas taking place in a top-secret department of French Intelligence. Rochant\u2019s brainchild leaves behind the explosions and the gunplay in favor of a more restrained and sober look at the Bureau of Legends, where agents hone elaborate undercover identities (legends) by mastering entirely new skill sets and professions. In the first season, top agent Guillaume Debailly (Mathieu Kassovitz) returns to Paris after a six-year mission in Damascus as Paul Lefebvre, professor of literature. But when Paul\u2019s lover Nadia comes to Paris as well, Guillaume decides to maintain a double life as Paul, despite being under the microscope of bureau psychiatrist Dr Balmes. Meanwhile, the Legends team works to rescue Cyclone, an operative in Algeria who has disappeared under suspicious circumstances. COLCOA presents episodes 1 and 2 of season 2, in which Guillaume, now deputy director of the department, becomes a double agent for the CIA. Kino Lober will soon release both seasons in the U.S..<\/p>\n<\/div>\n<div id=\"extras\" class=\"secondary\">\n<div class=\"uc\">\n<div class=\"box\">\n<div class=\"inner\"><\/div>\n<\/div>\n<\/div>\n<\/div>\n[\/vc_column_text][\/vc_column][vc_column width=&#8221;1\/2&#8243;][mk_image src=&#8221;https:\/\/theamericanfrenchfilmfestival.org\/wp-content\/uploads\/2023\/11\/bureau_boxset.jpeg&#8221; image_width=&#8221;300&#8243; image_height=&#8221;400&#8243; target=&#8221;_blank&#8221; margin_bottom=&#8221;30&#8243;][mk_image heading_title=&#8221;IN ASSOCIATION WITH&#8221; src=&#8221;http:\/\/dev.theamericanfrenchfilmfestival.org\/wp-content\/uploads\/2018\/01\/titrafilm-130.jpg&#8221; image_size=&#8221;full&#8221; target=&#8221;_blank&#8221; margin_bottom=&#8221;30&#8243;][\/vc_column][\/vc_row]\n<\/div>","protected":false},"excerpt":{"rendered":"<p>[vc_row][vc_column][mk_padding_divider size=&#8221;20&#8243;][vc_column_text css=&#8221;.vc_custom_1518215020344{margin-bottom: 0px !important;}&#8221;] THE BUREAU \u2013 SEASON 2 \/ Le Bureau des L\u00e9gendes [\/vc_column_text][mk_padding_divider size=&#8221;20&#8243;][\/vc_column][\/vc_row][vc_row][vc_column width=&#8221;1\/2&#8243;][vc_column_text css=&#8221;.vc_custom_1518552960879{margin-bottom: 0px !important;}&#8221;] International Premiere \u2022 TV series \u2022 Drama, Espionnage \u2022 France, 2015 \u2013 Blu-ray \u2022 Color \u2022 Season 2 \u2022 2 x 52 min Directed by: Eric Rochant (episodes 2.1, 2.2) Written by: Eric Rochant, [&hellip;]<\/p>\n","protected":false},"author":4,"featured_media":0,"parent":16,"menu_order":0,"comment_status":"closed","ping_status":"closed","template":"","meta":{"footnotes":""},"class_list":["post-1348","page","type-page","status-publish","hentry"],"_links":{"self":[{"href":"https:\/\/theamericanfrenchfilmfestival.org\/wp-json\/wp\/v2\/pages\/1348","targetHints":{"allow":["GET"]}}],"collection":[{"href":"https:\/\/theamericanfrenchfilmfestival.org\/wp-json\/wp\/v2\/pages"}],"about":[{"href":"https:\/\/theamericanfrenchfilmfestival.org\/wp-json\/wp\/v2\/types\/page"}],"author":[{"embeddable":true,"href":"https:\/\/theamericanfrenchfilmfestival.org\/wp-json\/wp\/v2\/users\/4"}],"replies":[{"embeddable":true,"href":"https:\/\/theamericanfrenchfilmfestival.org\/wp-json\/wp\/v2\/comments?post=1348"}],"version-history":[{"count":8,"href":"https:\/\/theamericanfrenchfilmfestival.org\/wp-json\/wp\/v2\/pages\/1348\/revisions"}],"predecessor-version":[{"id":26351,"href":"https:\/\/theamericanfrenchfilmfestival.org\/wp-json\/wp\/v2\/pages\/1348\/revisions\/26351"}],"up":[{"embeddable":true,"href":"https:\/\/theamericanfrenchfilmfestival.org\/wp-json\/wp\/v2\/pages\/16"}],"wp:attachment":[{"href":"https:\/\/theamericanfrenchfilmfestival.org\/wp-json\/wp\/v2\/media?parent=1348"}],"curies":[{"name":"wp","href":"https:\/\/api.w.org\/{rel}","templated":true}]}}