{"id":1259,"date":"2018-02-09T00:46:27","date_gmt":"2018-02-09T00:46:27","guid":{"rendered":"http:\/\/dev.theamericanfrenchfilmfestival.org\/?page_id=1259"},"modified":"2026-02-21T03:37:32","modified_gmt":"2026-02-21T03:37:32","slug":"call-my-agent","status":"publish","type":"page","link":"https:\/\/theamericanfrenchfilmfestival.org\/2022-winners\/awards-2\/call-my-agent\/","title":{"rendered":"CALL MY AGENT \/ Dix pour cent"},"content":{"rendered":"<div class=\"wpb-content-wrapper\">[vc_row][vc_column][mk_padding_divider size=&#8221;20&#8243;][vc_column_text css=&#8221;.vc_custom_1518137091975{margin-bottom: 0px !important;}&#8221;]\n<h2><strong>CALL MY AGENT\u00a0<\/strong>\/ Dix pour cent<\/h2>\n<h2><strong>\u00a0<\/strong><\/h2>\n[\/vc_column_text][mk_padding_divider size=&#8221;20&#8243;][\/vc_column][\/vc_row][vc_row][vc_column width=&#8221;1\/2&#8243;][vc_column_text css=&#8221;.vc_custom_1518137128033{margin-bottom: 0px !important;}&#8221;]<strong>International Premiere<\/strong><strong>\u00a0\u2022 TV Series \u2022 Comedy \u2022 France, 2017<\/strong><\/p>\n<p>Blu-ray \u2022 Color \u2022 Season 2 \u2022 6 x 52 min \u2022 Episodes 1&amp;2<\/p>\n<p><strong>Directed by<\/strong>: Laurent Tirard<br \/>\n<strong>Created by<\/strong>: Fanny Herrero<br \/>\n<strong>Written by:<\/strong>\u00a0Fanny Herrero, Benjamin Dupas, Sabrina B. Karine, Ana\u00efs Carpita<br \/>\n<strong>Produced by<\/strong>: Dominique Besnehard, Michel Feller (Mon Voisin Productions), Harold Valentin, Aur\u00e9lien Larger (Mother Production)<br \/>\n<strong>Cast<\/strong>: Camille Cottin (Andr\u00e9a Martel), Thibault de Montalembert (Mathias Barneville), Gr\u00e9gory Montel (Gabriel Sarda), Liliane Rov\u00e8re (Arlette Az\u00e9mar), Assaad Bouab (Hicham Janowski), Fanny Sidney (Camille Valentini), Virginie Efira &amp; Ramzy B\u00e9dia (Ep.1), \u00a0Fabrice Luchini (Ep.2)<br \/>\n<strong>U.S. Distributor<\/strong>: francetv distribution<br \/>\n<strong>U.S. Release date<\/strong>: 2017<\/p>\n<p>After last year\u2019s West coast premiere of\u00a0<strong><em>Call My Agent<\/em><\/strong>\u00a0at COLCOA, fans of the comedy series were able to enjoy the complete first season on Netflix. The show\u2019s phenomenal success around the world has led to its nomination for an International Emmy Award. Now COLCOA gives you the chance to get the jump on season 2. Camille, Mathias, Gabriel, Andrea, and Arlette are back with 6 more installments of mishaps, misunderstandings, and misadventures at the ASK talent agency. And once again they will stop at nothing to make certain their clients\u2019 interests are served. Originally developed by Fanny Herrero, and based on the real life experience of former big-league agent Dominique Besnehard, the show takes a shameless peek at the grime behind the glamour of the stardom business. This season\u2019s crop of celebrity actors willing to poke fun at themselves includes Isabelle Adjani, Juliette Binoche, Fabrice Luchini, and Christophe Lambert.<\/p>\n<p>Showrunner Fanny Herrero began her career writing for television in a wide range of genres, from crime action\u00a0<em>Les bleus: premiers pas dans la police<\/em>\u00a0(2006-) to period drama\u00a0<em>Un village fran\u00e7ais<\/em>\u00a0(2009-). For season 2 of\u00a0<strong><em>Call My Agent<\/em><\/strong>\u00a0she brought some new writing talent aboard, including her fellow\u00a0<em>Kabul Kitchen\u00a0<\/em>(2012-) staff writer Benjamin Dupas (co-writer of the feature\u00a0<em>Ares<\/em>, also screening this year at COLCOA),\u00a0<em>The Innocents<\/em>(COLCOA 2016) co-writer Sabrina B. Karine, and\u00a0<em>Welcome to Argentina<\/em>(COLCOA 2013) co-writer Ana\u00efs Carpita. Herrero also opted for fresh eyes behind the lens with\u00a0<em>Ast\u00e9rix and Ob\u00e9lix: God Save Britannia<\/em>\u00a0(2012) director Laurent Tirard. Known for his successful film adaptations of the\u00a0<em>Le Petite Nicolas<\/em>\u00a0children\u2019s books, Tirard most recently co-wrote and directed the hit romantic comedy\u00a0<em>Up for Love<\/em>\u00a0(Closing film COLCOA 2016), starring a diminutive Jean Dujardin.<\/p>\n<p>&nbsp;<\/p>\n[\/vc_column_text][\/vc_column][vc_column width=&#8221;1\/2&#8243;][mk_image src=&#8221;http:\/\/dev.theamericanfrenchfilmfestival.org\/wp-content\/uploads\/2018\/02\/call-my-agent.jpg&#8221; image_size=&#8221;full&#8221; margin_bottom=&#8221;20&#8243;][mk_image heading_title=&#8221;In Association with&#8221; src=&#8221;http:\/\/theamericanfrenchfilmfestival.org\/wp-content\/uploads\/2018\/01\/tv-france-e1517432468811.jpg&#8221; image_size=&#8221;full&#8221; margin_bottom=&#8221;20&#8243;][mk_image src=&#8221;http:\/\/dev.theamericanfrenchfilmfestival.org\/wp-content\/uploads\/2018\/01\/titrafilm-130.jpg&#8221; image_size=&#8221;full&#8221; margin_bottom=&#8221;20&#8243;][mk_image src=&#8221;http:\/\/dev.theamericanfrenchfilmfestival.org\/wp-content\/uploads\/2018\/02\/france-tv-distribution.jpg&#8221; image_size=&#8221;full&#8221; margin_bottom=&#8221;20&#8243;][\/vc_column][\/vc_row]\n<\/div>","protected":false},"excerpt":{"rendered":"<p>[vc_row][vc_column][mk_padding_divider size=&#8221;20&#8243;][vc_column_text css=&#8221;.vc_custom_1518137091975{margin-bottom: 0px !important;}&#8221;] CALL MY AGENT\u00a0\/ Dix pour cent \u00a0 [\/vc_column_text][mk_padding_divider size=&#8221;20&#8243;][\/vc_column][\/vc_row][vc_row][vc_column width=&#8221;1\/2&#8243;][vc_column_text css=&#8221;.vc_custom_1518137128033{margin-bottom: 0px !important;}&#8221;]International Premiere\u00a0\u2022 TV Series \u2022 Comedy \u2022 France, 2017 Blu-ray \u2022 Color \u2022 Season 2 \u2022 6 x 52 min \u2022 Episodes 1&amp;2 Directed by: Laurent Tirard Created by: Fanny Herrero Written by:\u00a0Fanny Herrero, Benjamin Dupas, Sabrina B. [&hellip;]<\/p>\n","protected":false},"author":4,"featured_media":0,"parent":628,"menu_order":0,"comment_status":"closed","ping_status":"closed","template":"","meta":{"footnotes":""},"class_list":["post-1259","page","type-page","status-publish","hentry"],"_links":{"self":[{"href":"https:\/\/theamericanfrenchfilmfestival.org\/wp-json\/wp\/v2\/pages\/1259","targetHints":{"allow":["GET"]}}],"collection":[{"href":"https:\/\/theamericanfrenchfilmfestival.org\/wp-json\/wp\/v2\/pages"}],"about":[{"href":"https:\/\/theamericanfrenchfilmfestival.org\/wp-json\/wp\/v2\/types\/page"}],"author":[{"embeddable":true,"href":"https:\/\/theamericanfrenchfilmfestival.org\/wp-json\/wp\/v2\/users\/4"}],"replies":[{"embeddable":true,"href":"https:\/\/theamericanfrenchfilmfestival.org\/wp-json\/wp\/v2\/comments?post=1259"}],"version-history":[{"count":2,"href":"https:\/\/theamericanfrenchfilmfestival.org\/wp-json\/wp\/v2\/pages\/1259\/revisions"}],"predecessor-version":[{"id":26401,"href":"https:\/\/theamericanfrenchfilmfestival.org\/wp-json\/wp\/v2\/pages\/1259\/revisions\/26401"}],"up":[{"embeddable":true,"href":"https:\/\/theamericanfrenchfilmfestival.org\/wp-json\/wp\/v2\/pages\/628"}],"wp:attachment":[{"href":"https:\/\/theamericanfrenchfilmfestival.org\/wp-json\/wp\/v2\/media?parent=1259"}],"curies":[{"name":"wp","href":"https:\/\/api.w.org\/{rel}","templated":true}]}}