{"id":11508,"date":"2022-08-12T16:07:59","date_gmt":"2022-08-12T16:07:59","guid":{"rendered":"https:\/\/theamericanfrenchfilmfestival.org\/?page_id=11508"},"modified":"2022-09-22T05:48:08","modified_gmt":"2022-09-22T05:48:08","slug":"rise","status":"publish","type":"page","link":"https:\/\/theamericanfrenchfilmfestival.org\/rise\/","title":{"rendered":"RISE (EN CORPS)"},"content":{"rendered":"<div class=\"wpb-content-wrapper\">[vc_row][vc_column][mk_padding_divider][vc_column_text css=&#8221;.vc_custom_1663687131061{margin-bottom: 0px !important;}&#8221;]\n<h1 style=\"text-align: center;\">RISE<br \/>\n(EN CORPS)<\/h1>\n[\/vc_column_text][mk_padding_divider size=&#8221;20&#8243;][vc_separator color=&#8221;custom&#8221; accent_color=&#8221;#ea1300&#8243;][\/vc_column][\/vc_row][vc_row][vc_column width=&#8221;1\/2&#8243;][vc_column_text css=&#8221;.vc_custom_1663615523873{margin-bottom: 0px !important;}&#8221;]\n<p class=\"p1\" style=\"text-align: center;\"><b>Saturday, October 15<\/b> &#8211; Renoir Theatre \u2013 8:10 pm<br \/>\n<em>(Screening ends at 10:20 pm)<br \/>\n<\/em>+ <a href=\"https:\/\/theamericanfrenchfilmfestival.org\/short-films-2022\/\" target=\"_blank\" rel=\"noopener\">Short Film Presentation<\/a>: LOUISE<em><br \/>\n<\/em><\/p>\n<p style=\"text-align: center;\"><strong>FICTION \/ DRAMA, COMEDY<\/strong><\/p>\n[\/vc_column_text][\/vc_column][vc_column width=&#8221;1\/2&#8243;][vc_column_text css=&#8221;.vc_custom_1663825680765{margin-bottom: 0px !important;}&#8221;]\n<p style=\"text-align: center;\"><span style=\"color: #ea1300;\">Presented in Association with:<br \/>\n<\/span>Blue Fox Entertainment<br \/>\nFrance Televisions<br \/>\n<span style=\"font-weight: 400;\">StudioCanal<\/span><\/p>\n[\/vc_column_text][mk_image src=&#8221;https:\/\/theamericanfrenchfilmfestival.org\/wp-content\/uploads\/2022\/09\/order-tickets.jpg&#8221; image_size=&#8221;full&#8221; link=&#8221;https:\/\/theamericanfrenchfilmfestival.eventive.org\/schedule\/632687e8d6f65f00bfbcd06b&#8221; align=&#8221;center&#8221;][\/vc_column][\/vc_row][vc_row][vc_column][mk_padding_divider size=&#8221;20&#8243;][vc_separator color=&#8221;custom&#8221; accent_color=&#8221;#ea1300&#8243;][\/vc_column][\/vc_row][vc_row][vc_column width=&#8221;1\/2&#8243;][vc_column_text css=&#8221;.vc_custom_1662322526238{margin-bottom: 0px !important;}&#8221;]<span style=\"color: #ea1300;\"><b>West Coast Premiere<\/b><\/span><span style=\"font-weight: 400;\"> | France | 2022 | Comedy, Drama, Romance | 118 min | In French with English subtitles <\/span><span style=\"font-weight: 400;\"><br \/>\n<\/span><span style=\"font-weight: 400;\"><br \/>\n<\/span><b>Directed by<\/b><span style=\"font-weight: 400;\">:<\/span> <span style=\"font-weight: 400;\">C\u00e9dric Klapisch<\/span><span style=\"font-weight: 400;\"><br \/>\n<\/span><b>Written by<\/b><span style=\"font-weight: 400;\">: <\/span><span style=\"font-weight: 400;\">C\u00e9dric Klapisch, Santiago Amigorena<br \/>\n<\/span><b>Produced by<\/b><span style=\"font-weight: 400;\">: Bruno L\u00e9vy &amp; C<\/span><span style=\"font-weight: 400;\">\u00e9<\/span><span style=\"font-weight: 400;\">dric Klapisch (Ce Qui Me Meut), Philippe Logie (Be TV)<br \/>\n<\/span><b>Cinematography<\/b><span style=\"font-weight: 400;\">: Alexis Kavyrshin<\/span><span style=\"font-weight: 400;\"><br \/>\n<\/span><b>Film Editing<\/b><span style=\"font-weight: 400;\">: <\/span><span style=\"font-weight: 400;\">Anne-Sophie Bion<br \/>\n<\/span><b>Original Score<\/b><span style=\"font-weight: 400;\">: Hofesh Shechter, Thomas Bangalter<\/span><span style=\"font-weight: 400;\"><br \/>\n<\/span><b>Cast<\/b><span style=\"font-weight: 400;\">:<\/span> <span style=\"font-weight: 400;\">Marion Barbeau (C\u00e9line)<\/span><span style=\"font-weight: 400;\">,\u00a0<\/span><span style=\"font-weight: 400;\">Denis Podalyd\u00e8s (Henry), Muriel Robin (Josiane), Pio Marma\u00ef (Lo\u00efc), Souheila Yacoub (Sabrina), Fran\u00e7ois Civil (Yann), Mehdi Baki (Mehdi), Hofesh Shechter (Hofesh)<br \/>\n<\/span><b>International Sales<\/b><span style=\"font-weight: 400;\">: StudioCanal<br \/>\n<\/span><b>U.S. Distributor<\/b><span style=\"font-weight: 400;\">: Blue Fox Entertainment<br \/>\n<\/span><b>U.S. release date<\/b><span style=\"font-weight: 400;\">: <\/span><span style=\"font-weight: 400;\">TBA<\/span><\/p>\n<p style=\"text-align: justify;\"><span style=\"font-weight: 400;\">Director <\/span><b>C\u00e9dric Klapisch<\/b><span style=\"font-weight: 400;\"> has long been fascinated by the dance; it&#8217;s a theme that has run through his work since his 2008 film <\/span><i><span style=\"font-weight: 400;\">Paris<\/span><\/i><span style=\"font-weight: 400;\">, about a chorus boy awaiting a heart transplant.\u00a0 He&#8217;s directed two documentaries, on one dancer and four choreographers at the Op\u00e9ra de Paris.\u00a0 His last feature, <\/span><i><span style=\"font-weight: 400;\">Someone, Somewhere<\/span><\/i><span style=\"font-weight: 400;\">, ends with an enchanting kompa dance lesson.\u00a0 And his short Zoom montage of ballet dancers rehearsing at home during the first Covid lockdown literally went viral on YouTube.\u00a0 With <\/span><b><i>Rise<\/i><\/b><span style=\"font-weight: 400;\">, the director embraces that passion, no holds barred, and in doing so, offers us his most sumptuously beautiful film to date.\u00a0 The story is a simple one.\u00a0 Elise, a ballerina with the prestigious Op\u00e9ra de Paris, is about to dance her first starring role.\u00a0 Mid-performance she slips, injures herself and is told she may never dance again.\u00a0 That news, which could be the end of any dancer&#8217;s career, becomes an awakening for Elise, as she sets off to discover what life has in store for her.\u00a0 The film stars Marion Barbeau, <\/span><i><span style=\"font-weight: 400;\">premier danseur<\/span><\/i><span style=\"font-weight: 400;\"> with the Op\u00e9ra de Paris, in her first dramatic role.\u00a0 Moving from ballet to break-dance to modern dance, Klapisch sets us on a journey through an entire universe of movement, from the lyrical world of classical ballet to a final life-affirming explosion of Hofesh Shechter&#8217;s pulsing contemporary choreography.<\/span><\/p>\n<p style=\"text-align: justify;\"><span style=\"font-weight: 400;\">After majoring in cinema studies at the Sorbonne, writer\/director <\/span><b>C\u00e9dric Klapisch<\/b><span style=\"font-weight: 400;\"> shot his first short, <\/span><i><span style=\"font-weight: 400;\">In Transit<\/span><\/i><span style=\"font-weight: 400;\">, as a graduate student at NYU in 1986.\u00a0 His second short, <\/span><i><span style=\"font-weight: 400;\">Ce qui me meut<\/span><\/i><span style=\"font-weight: 400;\">, nabbed the Best Short Film Award from the French Syndicate of Cinema Critics and a C\u00e9sar nomination.\u00a0 In 1992, <\/span><i><span style=\"font-weight: 400;\">Riens du tout<\/span><\/i><span style=\"font-weight: 400;\"> was nominated for a Best First Feature C\u00e9sar. He has gone on to write and direct fourteen feature films in all, including <\/span><i><span style=\"font-weight: 400;\">Family <\/span><\/i><\/p>\n[\/vc_column_text][\/vc_column][vc_column width=&#8221;1\/2&#8243;][mk_image src=&#8221;https:\/\/theamericanfrenchfilmfestival.org\/wp-content\/uploads\/2022\/08\/rise.jpg&#8221; image_size=&#8221;full&#8221; frame_style=&#8221;gray_border&#8221; align=&#8221;center&#8221;][\/vc_column][\/vc_row][vc_row][vc_column][vc_column_text]\n[\/vc_column_text][\/vc_column][\/vc_row]\n<\/div>","protected":false},"excerpt":{"rendered":"<p>[vc_row][vc_column][mk_padding_divider][vc_column_text css=&#8221;.vc_custom_1663687131061{margin-bottom: 0px !important;}&#8221;] RISE (EN CORPS) [\/vc_column_text][mk_padding_divider size=&#8221;20&#8243;][vc_separator color=&#8221;custom&#8221; accent_color=&#8221;#ea1300&#8243;][\/vc_column][\/vc_row][vc_row][vc_column width=&#8221;1\/2&#8243;][vc_column_text css=&#8221;.vc_custom_1663615523873{margin-bottom: 0px !important;}&#8221;] Saturday, October 15 &#8211; Renoir Theatre \u2013 8:10 pm (Screening ends at 10:20 pm) + Short Film Presentation: LOUISE FICTION \/ DRAMA, COMEDY [\/vc_column_text][\/vc_column][vc_column width=&#8221;1\/2&#8243;][vc_column_text css=&#8221;.vc_custom_1663825680765{margin-bottom: 0px !important;}&#8221;] Presented in Association with: Blue Fox Entertainment France Televisions StudioCanal [\/vc_column_text][mk_image src=&#8221;https:\/\/theamericanfrenchfilmfestival.org\/wp-content\/uploads\/2022\/09\/order-tickets.jpg&#8221; [&hellip;]<\/p>\n","protected":false},"author":4,"featured_media":0,"parent":0,"menu_order":0,"comment_status":"closed","ping_status":"closed","template":"","meta":{"footnotes":""},"class_list":["post-11508","page","type-page","status-publish","hentry"],"_links":{"self":[{"href":"https:\/\/theamericanfrenchfilmfestival.org\/wp-json\/wp\/v2\/pages\/11508","targetHints":{"allow":["GET"]}}],"collection":[{"href":"https:\/\/theamericanfrenchfilmfestival.org\/wp-json\/wp\/v2\/pages"}],"about":[{"href":"https:\/\/theamericanfrenchfilmfestival.org\/wp-json\/wp\/v2\/types\/page"}],"author":[{"embeddable":true,"href":"https:\/\/theamericanfrenchfilmfestival.org\/wp-json\/wp\/v2\/users\/4"}],"replies":[{"embeddable":true,"href":"https:\/\/theamericanfrenchfilmfestival.org\/wp-json\/wp\/v2\/comments?post=11508"}],"version-history":[{"count":11,"href":"https:\/\/theamericanfrenchfilmfestival.org\/wp-json\/wp\/v2\/pages\/11508\/revisions"}],"predecessor-version":[{"id":12894,"href":"https:\/\/theamericanfrenchfilmfestival.org\/wp-json\/wp\/v2\/pages\/11508\/revisions\/12894"}],"wp:attachment":[{"href":"https:\/\/theamericanfrenchfilmfestival.org\/wp-json\/wp\/v2\/media?parent=11508"}],"curies":[{"name":"wp","href":"https:\/\/api.w.org\/{rel}","templated":true}]}}